000
CDAK48 PABE 261152
CLIBET

CLIMATE REPORT
NATIONAL WEATHER SERVICE BETHEL, AK
353 AM AKDT SUN APR 26 2015

...................................
...THE BETHEL AP CLIMATE SUMMARY FOR APRIL 25 2015...

CLIMATE NORMAL PERIOD  1981 TO  2015
CLIMATE RECORD PERIOD  1923 TO  2015

WEATHER ITEM   OBSERVED TIME    RECORD YEAR NORMAL DEPARTURE LAST
               VALUE    (LST)   VALUE       VALUE  FROM      YEAR
                                                   NORMAL
...................................................................
TEMPERATURE
YESTERDAY
 MAXIMUM            52  0529 PM    56  1998     40      12     51
 MINIMUM            32  0404 AM    -3  1964     25       7     31
 AVERAGE            42                          32      10     41

PRECIPITATION
(INCHES)
 YESTERDAY           T           0.43  1995   0.03   -0.03   0.00
 MONTH TO DATE    1.05                        0.60    0.45   0.31
 SINCE MAR 1      1.55                        1.31    0.24   0.79
 SINCE JAN 1      2.59                        2.81   -0.22   2.37

SNOWFALL
(INCHES)
 YESTERDAY         0.0            1.0  1962    0.2    -0.2    0.0
 MONTH TO DATE     9.8                         5.1     4.7    1.0
 SINCE MAR 1      16.6                        13.3     3.3    5.7
 SINCE JUL 1      42.1                        59.1   -17.0   27.8
 SNOW DEPTH (IN)     T                                          0

DEGREE DAYS
 HEATING
  YESTERDAY         23                          33     -10     24
  MONTH TO DATE    919                         986     -67    816
  SINCE MAR 1     2289                        2530    -241   2429
  SINCE JUL 1    10064                       11276   -1212   9904

 COOLING
  YESTERDAY          0                           0       0      0
  MONTH TO DATE      0                           0       0      0
  SINCE MAR 1        0                           0       0      0
  SINCE JAN 1        0                           0       0      0
...................................................................

WIND (MPH)
 HIGHEST WIND SPEED    17     HIGHEST WIND DIRECTION     80
 HIGHEST GUST SPEED    21     HIGHEST GUST DIRECTION     60
 AVERAGE WIND SPEED   7.9

SKY COVER
  POSSIBLE SUNSHINE    MM          AVERAGE SKY COVER     MM

WEATHER CONDITIONS
 THE FOLLOWING WEATHER WAS RECORDED YESTERDAY.
  RAIN


RELATIVE HUMIDITY
 HIGHEST RH     MM PERCENT       MM
 LOWEST  RH     MM PERCENT       MM
 AVERAGE RH     MM PERCENT       MM
...................................................................

THE BETHEL CLIMATE NORMALS FOR TODAY
                           NORMAL    RECORD   YEAR
 MAXIMUM TEMPERATURE (F)     41        58     1958
 MINIMUM TEMPERATURE (F)     25        -4     1964

SUNRISE AND SUNSET
 APR 26 2015..........SUNRISE  6:56 AM      SUNSET 10:37 PM
 APR 27 2015..........SUNRISE  6:53 AM      SUNSET 10:40 PM

-  INDICATES NEGATIVE NUMBERS.
R  INDICATES RECORD HAS BEEN SET OR TIED.
MM INDICATES DATA IS MISSING.
T  INDICATES TRACE OF PRECIPITATION.

&&
-------------------------------------------------------------------

AMOUNT OF DAYLIGHT TODAY  (HOUR:MIN)........15 HOURS 41 MINUTES
GAIN/LOSS SINCE YESTERDAY (HOUR:MIN:SEC)....+0:05:31

$$
*** APR 15
