000
CDUS41 KCAR 250529
CLIBGR


CLIMATE REPORT
NATIONAL WEATHER SERVICE CARIBOU, ME
128 AM EDT SAT APR 25 2015


...................................

...THE BANGOR ME CLIMATE SUMMARY FOR APRIL 24 2015...

CLIMATE NORMAL PERIOD 1981 TO 2010
CLIMATE RECORD PERIOD 1925 TO 2015


WEATHER ITEM   OBSERVED TIME   RECORD YEAR NORMAL DEPARTURE LAST
                VALUE   (LST)  VALUE       VALUE  FROM      YEAR
                                                  NORMAL
..................................................................
TEMPERATURE (F)
 YESTERDAY
  MAXIMUM         50    105 PM  79    1942  57     -7       47
  MINIMUM         33    331 AM  22    1944  35     -2       37
  AVERAGE         42                        46     -4       42

PRECIPITATION (IN)
  YESTERDAY        0.14          2.49 1983   0.11   0.03     0.01
  MONTH TO DATE    2.08                      2.90  -0.82     1.99
  SINCE MAR 1      3.53                      6.28  -2.75     5.64
  SINCE JAN 1      8.42                     11.69  -3.27    10.81

SNOWFALL (IN)
  YESTERDAY        T             5.5  1974   0.1              T
  MONTH TO DATE    6.3                       3.6             1.1
  SINCE MAR 1     21.9                      15.3            16.8
  SINCE JUL 1    139.0                      66.0            80.0
  SNOW DEPTH      MM

DEGREE DAYS
 HEATING
  YESTERDAY       23                        19      4       23
  MONTH TO DATE  610                       569     41      565
  SINCE MAR 1   1862                      1646    216     1869
  SINCE JUL 1   7752                      7292    460     7621

 COOLING
  YESTERDAY        0                         0      0        0
  MONTH TO DATE    0                         0      0        0
  SINCE MAR 1      0                         0      0        0
  SINCE JAN 1      0                         0      0        0
..................................................................


WIND (MPH)
  RESULTANT WIND SPEED  11   RESULTANT WIND DIRECTION  NW (310)
  HIGHEST WIND SPEED    22   HIGHEST WIND DIRECTION    NW (320)
  HIGHEST GUST SPEED    27   HIGHEST GUST DIRECTION    NW (320)


SKY COVER
  POSSIBLE SUNSHINE  MM
  AVERAGE SKY COVER 1.0


WEATHER CONDITIONS
 THE FOLLOWING WEATHER WAS RECORDED YESTERDAY.
  RAIN
  LIGHT RAIN
  SNOW
  LIGHT SNOW
  FOG


RELATIVE HUMIDITY (PERCENT)
 HIGHEST    96
 LOWEST     45
 AVERAGE    71

..........................................................


THE BANGOR ME CLIMATE NORMALS FOR TODAY
                         NORMAL    RECORD    YEAR
 MAXIMUM TEMPERATURE (F)   57        79      1942
 MINIMUM TEMPERATURE (F)   36        21      1965


SUNRISE AND SUNSET
APRIL 25 2015.........SUNRISE   535 AM EDT   SUNSET   733 PM EDT
APRIL 26 2015.........SUNRISE   533 AM EDT   SUNSET   734 PM EDT


-  INDICATES NEGATIVE NUMBERS.
R  INDICATES RECORD WAS SET OR TIED.
MM INDICATES DATA IS MISSING.
T  INDICATES TRACE AMOUNT.




$$
