000
CDUS41 KRLX 050718
CLIBKW


CLIMATE REPORT
NATIONAL WEATHER SERVICE CHARLESTON WV
316 AM EDT TUE MAY 5 2015


...................................

...THE BECKLEY WV CLIMATE SUMMARY FOR MAY 4 2015...

CLIMATE NORMAL PERIOD 1981 TO 2010
CLIMATE RECORD PERIOD 1963 TO 2015


WEATHER ITEM   OBSERVED TIME   RECORD YEAR NORMAL DEPARTURE LAST
                VALUE   (LST)  VALUE       VALUE  FROM      YEAR
                                                  NORMAL
..................................................................
TEMPERATURE (F)
 YESTERDAY
  MAXIMUM         78    452 PM  86    1938  68     10       73
  MINIMUM         49    427 AM  23    1939  46      3       48
  AVERAGE         64                        57      7       61

PRECIPITATION (IN)
  YESTERDAY        0.00          1.07 1922   0.14  -0.14     0.00
  MONTH TO DATE    0.17                      0.55  -0.38      T
  SINCE JAN 1     18.97                     13.05   5.92    10.25

SNOWFALL (IN)
  YESTERDAY        0.0
  MONTH TO DATE    0.0
  SINCE SEP 1     66.2
  SNOW DEPTH       0

DEGREE DAYS
 HEATING
  YESTERDAY        1                         8     -7        4
  MONTH TO DATE   37                        35      2       37
  SINCE MAR 1   1060                      1143    -83     1155
  SINCE JUL 1   5393                      5144    249     5363

 COOLING
  YESTERDAY        0                         0      0        0
  MONTH TO DATE    0                         0      0        0
  SINCE MAR 1      3                        10     -7        5
  SINCE JAN 1      3                        10     -7        5
..................................................................


WIND (MPH)
  HIGHEST WIND SPEED    17   HIGHEST WIND DIRECTION     W (280)
  HIGHEST GUST SPEED    27   HIGHEST GUST DIRECTION     W (270)
  AVERAGE WIND SPEED     6.1


SKY COVER
  POSSIBLE SUNSHINE  MM
  AVERAGE SKY COVER 0.1


WEATHER CONDITIONS
 THE FOLLOWING WEATHER WAS RECORDED YESTERDAY.
  NO SIGNIFICANT WEATHER WAS OBSERVED.


RELATIVE HUMIDITY (PERCENT)
 HIGHEST    74           400 AM
 LOWEST     28           500 PM
 AVERAGE    51

..........................................................


THE BECKLEY WV CLIMATE NORMALS FOR TODAY
                         NORMAL    RECORD    YEAR
 MAXIMUM TEMPERATURE (F)   68        88      1950
                                             1949
 MINIMUM TEMPERATURE (F)   47        24      1940


SUNRISE AND SUNSET
MAY  5 2015...........SUNRISE   625 AM EDT   SUNSET   818 PM EDT
MAY  6 2015...........SUNRISE   623 AM EDT   SUNSET   819 PM EDT


-  INDICATES NEGATIVE NUMBERS.
R  INDICATES RECORD WAS SET OR TIED.
MM INDICATES DATA IS MISSING.
T  INDICATES TRACE AMOUNT.




$$
