000
CDUS43 KIND 010530
CLIBMG


CLIMATE REPORT
NATIONAL WEATHER SERVICE INDIANAPOLIS IN
130 AM EDT WED APR 1 2015


...................................

...THE BLOOMINGTON IN CLIMATE SUMMARY FOR MARCH 31 2015...

CLIMATE NORMAL PERIOD 1981 TO 2010
CLIMATE RECORD PERIOD 9999 TO 9999


WEATHER ITEM   OBSERVED TIME   NORMAL DEPARTURE LAST
                VALUE   (LST)  VALUE  FROM      YEAR
                                      NORMAL
......................................................
TEMPERATURE (F)
 YESTERDAY
  MAXIMUM         68    343 PM  60      8       69
  MINIMUM         39   1148 PM  37      2       30
  AVERAGE         54            49      5       50

PRECIPITATION (IN)
  YESTERDAY        0.00          0.19  -0.19      T
  MONTH TO DATE    4.64          3.88   0.76     1.94
  SINCE MAR 1      4.64          3.88   0.76     1.94
  SINCE JAN 1      8.21          9.95  -1.74     6.59

DEGREE DAYS
 HEATING
  YESTERDAY       11            17     -6       15
  MONTH TO DATE  744           688     56      837
  SINCE MAR 1    744           688     56      837
  SINCE JUL 1   5315          4756    559     5399

 COOLING
  YESTERDAY        0             0      0        0
  MONTH TO DATE    0             3     -3        0
  SINCE MAR 1      0             3     -3        0
  SINCE JAN 1      0             3     -3        0
......................................................


WIND (MPH)
  HIGHEST WIND SPEED    20   HIGHEST WIND DIRECTION     W (280)
  HIGHEST GUST SPEED    27   HIGHEST GUST DIRECTION     W (250)
  AVERAGE WIND SPEED    10.4


SKY COVER
  AVERAGE SKY COVER 0.0


WEATHER CONDITIONS
 THE FOLLOWING WEATHER WAS RECORDED YESTERDAY.
  NO SIGNIFICANT WEATHER WAS OBSERVED.


RELATIVE HUMIDITY (PERCENT)
 HIGHEST    79          1100 PM
 LOWEST     22           200 PM
 AVERAGE    51

..........................................................


THE BLOOMINGTON IN CLIMATE NORMALS FOR TODAY
                         NORMAL
 MAXIMUM TEMPERATURE (F)   61
 MINIMUM TEMPERATURE (F)   37


SUNRISE AND SUNSET
APRIL  1 2015.........SUNRISE   731 AM EDT   SUNSET   810 PM EDT
APRIL  2 2015.........SUNRISE   730 AM EDT   SUNSET   811 PM EDT


-  INDICATES NEGATIVE NUMBERS.
R  INDICATES RECORD WAS SET OR TIED.
MM INDICATES DATA IS MISSING.
T  INDICATES TRACE AMOUNT.




$$
