000
CDUS44 KOHX 211308
CLIBNA

CLIMATE REPORT
NATIONAL WEATHER SERVICE NASHVILLE TN
745 AM CDT TUE APR 21 2015


...................................

...THE NASHVILLE CLIMATE SUMMARY FOR APRIL 20 2015...

CLIMATE NORMAL PERIOD 1981 TO 2010
CLIMATE RECORD PERIOD 1871 TO 2015


WEATHER ITEM   OBSERVED TIME   RECORD YEAR NORMAL DEPARTURE
                VALUE   (LST)  VALUE       VALUE  FROM
                                                  NORMAL
...............................................................
TEMPERATURE (F)
 YESTERDAY
  MAXIMUM         64   1222 AM  87    2002  72     -8
                                      1971
                                      1964
  MINIMUM         50   1020 PM  26    1983  49      1
  AVERAGE         57                        60     -3

PRECIPITATION (IN)
  YESTERDAY        0.42          3.45 1920   0.13   0.29
  MONTH TO DATE    6.15                      2.47   3.68
  SINCE MAR 1     10.44                      6.58   3.86
  SINCE JAN 1     17.26                     14.27   2.99

SNOWFALL (IN)
  YESTERDAY        0.0           0.0  2002   0.0    0.0
                                      2001
  MONTH TO DATE    0.0                       0.1   -0.1
  SINCE MAR 1      2.9                       1.0    1.9
  SINCE JUL 1      6.1                       6.4   -0.3
  SNOW DEPTH       0

DEGREE DAYS
 HEATING
  YESTERDAY        8                                2
  MONTH TO DATE   52                             -118
  SINCE MAR 1    493                             -150
  SINCE JUL 1   3683                              102

 COOLING
  YESTERDAY        0                               -1
  MONTH TO DATE   36                               16
  SINCE MAR 1     38                               10
  SINCE JAN 1     38                               10
...............................................................


WIND (MPH)
  HIGHEST WIND SPEED    23   HIGHEST WIND DIRECTION     W (270)
  HIGHEST GUST SPEED    32   HIGHEST GUST DIRECTION     W (290)
  AVERAGE WIND SPEED     7.7




RELATIVE HUMIDITY (PERCENT)
 HIGHEST    93
 LOWEST     51
 AVERAGE    72

..........................................................
LOW SINCE MIDNIGHT......................................41
PRECIPITATION SINCE MIDNIGHT..........................0.00

THE NASHVILLE CLIMATE NORMALS FOR TODAY
                         NORMAL    RECORD    YEAR
 MAXIMUM TEMPERATURE (F)   72        89      1963
 MINIMUM TEMPERATURE (F)   49        29      1983


SUNRISE AND SUNSET
APRIL 21 2015.........SUNRISE   606 AM CDT   SUNSET   725 PM CDT
APRIL 22 2015.........SUNRISE   605 AM CDT   SUNSET   726 PM CDT


-  INDICATES NEGATIVE NUMBERS.
R  INDICATES RECORD WAS SET OR TIED.
MM INDICATES DATA IS MISSING.
T  INDICATES TRACE AMOUNT.




$$
