000
CDUS41 KBOX 210549
CLIBOS


CLIMATE REPORT
NATIONAL WEATHER SERVICE TAUNTON MA
146 AM EDT TUE APR 21 2015


...................................

...THE BOSTON MA CLIMATE SUMMARY FOR APRIL 20 2015...

CLIMATE NORMAL PERIOD 1981 TO 2010
CLIMATE RECORD PERIOD 1872 TO 2015


WEATHER ITEM   OBSERVED TIME   RECORD YEAR NORMAL DEPARTURE LAST
                VALUE   (LST)  VALUE       VALUE  FROM      YEAR
                                                  NORMAL
..................................................................
TEMPERATURE (F)
 YESTERDAY
  MAXIMUM         51   1157 PM  89    1976  57     -6       48
                                      1941
                                      1927
  MINIMUM         41    817 AM  21    1897  42     -1       39
  AVERAGE         46                        50     -4       44

PRECIPITATION (IN)
  YESTERDAY        0.61          0.87 1874   0.11   0.50     0.00
  MONTH TO DATE    1.57                      2.61  -1.04     2.26
  SINCE MAR 1      4.62                      6.93  -2.31     6.74
  SINCE JAN 1     11.56                     13.54  -1.98    14.11

SNOWFALL (IN)
  YESTERDAY        0.0           1.0  1904   0.1   -0.1      0.0
  MONTH TO DATE    T                         1.8   -1.8      0.3
  SINCE MAR 1      8.6                       9.6   -1.0      2.5
  SINCE JUL 1    110.6                      43.7   66.9     58.9
  SNOW DEPTH      MM

DEGREE DAYS
 HEATING
  YESTERDAY       19                        15      4       21
  MONTH TO DATE  353                       373    -20      342
  SINCE MAR 1   1330                      1202    128     1312
  SINCE JUL 1   5645                      5244    401     5460

 COOLING
  YESTERDAY        0                         0      0        0
  MONTH TO DATE    0                         0      0        1
  SINCE MAR 1      0                         0      0        1
  SINCE JAN 1      0                         0      0        1
..................................................................


WIND (MPH)
  RESULTANT WIND SPEED  12   RESULTANT WIND DIRECTION   E (110)
  HIGHEST WIND SPEED    25   HIGHEST WIND DIRECTION    SE (140)
  HIGHEST GUST SPEED    32   HIGHEST GUST DIRECTION    SE (140)
  AVERAGE WIND SPEED    13.9


SKY COVER
  POSSIBLE SUNSHINE  MM
  AVERAGE SKY COVER 1.0


WEATHER CONDITIONS
 THE FOLLOWING WEATHER WAS RECORDED YESTERDAY.
  RAIN
  LIGHT RAIN
  FOG


RELATIVE HUMIDITY (PERCENT)
 HIGHEST   100           600 PM
 LOWEST     79           100 AM
 AVERAGE    90

..........................................................


THE BOSTON MA CLIMATE NORMALS FOR TODAY
                         NORMAL    RECORD    YEAR
 MAXIMUM TEMPERATURE (F)   58        88      1957
 MINIMUM TEMPERATURE (F)   42        21      1875


SUNRISE AND SUNSET
APRIL 21 2015.........SUNRISE   554 AM EDT   SUNSET   732 PM EDT
APRIL 22 2015.........SUNRISE   553 AM EDT   SUNSET   733 PM EDT


-  INDICATES NEGATIVE NUMBERS.
R  INDICATES RECORD WAS SET OR TIED.
MM INDICATES DATA IS MISSING.
T  INDICATES TRACE AMOUNT.




$$
