000
CDUS44 KLCH 060822
CLIBPT


CLIMATE REPORT
NATIONAL WEATHER SERVICE LAKE CHARLES, LA
320 AM CDT WED MAY 6 2015


...................................

...THE BEAUMONT PORT ARTHUR CLIMATE SUMMARY FOR MAY 5 2015...

CLIMATE NORMAL PERIOD 1981 TO 2010
CLIMATE RECORD PERIOD 1901 TO 2015


WEATHER ITEM   OBSERVED TIME   RECORD YEAR NORMAL DEPARTURE LAST
                VALUE   (LST)  VALUE       VALUE  FROM      YEAR
                                                  NORMAL
..................................................................
TEMPERATURE (F)
 YESTERDAY
  MAXIMUM         84    133 PM  91    1952  82      2       81
                                      1934
  MINIMUM         73    226 AM  49    2013  64      9       56
                                      1944
  AVERAGE         79                        73      6       69

PRECIPITATION (IN)
  YESTERDAY        T             8.83 1944   0.17  -0.17     0.00
  MONTH TO DATE    T                         0.80  -0.80      T
  SINCE MAR 1     19.23                      7.54  11.69     4.31
  SINCE JAN 1     26.21                     16.38   9.83    11.03

SNOWFALL (IN)
  YESTERDAY        0.0           0.0    MM   0.0    0.0      0.0
  MONTH TO DATE    0.0                       0.0    0.0      0.0
  SINCE MAR 1      T                         0.0    0.0      0.0
  SINCE JUL 1      T                         T      0.0      0.3
  SNOW DEPTH       0

DEGREE DAYS
 HEATING
  YESTERDAY        0                         0      0        0
  MONTH TO DATE    0                         0      0        4
  SINCE MAR 1    105                       187    -82      245
  SINCE JUL 1   1362                      1400    -38     1714

 COOLING
  YESTERDAY       14                         8      6        4
  MONTH TO DATE   43                        40      3       16
  SINCE MAR 1    354                       241    113      193
  SINCE JAN 1    362                       267     95      217
..................................................................


WIND (MPH)
  HIGHEST WIND SPEED    26   HIGHEST WIND DIRECTION    SE (130)
  HIGHEST GUST SPEED    33   HIGHEST GUST DIRECTION    SE (140)
  AVERAGE WIND SPEED    16.8


SKY COVER
  POSSIBLE SUNSHINE  MM
  AVERAGE SKY COVER 0.6


WEATHER CONDITIONS
 THE FOLLOWING WEATHER WAS RECORDED YESTERDAY.
  LIGHT RAIN


RELATIVE HUMIDITY (PERCENT)
 HIGHEST    87           300 AM
 LOWEST     58          1100 AM
 AVERAGE    73

..........................................................


THE BEAUMONT PORT ARTHUR CLIMATE NORMALS FOR TODAY
                         NORMAL    RECORD    YEAR
 MAXIMUM TEMPERATURE (F)   83        90      1914
                                             1909
 MINIMUM TEMPERATURE (F)   65        47      2013


SUNRISE AND SUNSET
MAY  6 2015...........SUNRISE   629 AM CDT   SUNSET   756 PM CDT
MAY  7 2015...........SUNRISE   628 AM CDT   SUNSET   757 PM CDT


-  INDICATES NEGATIVE NUMBERS.
R  INDICATES RECORD WAS SET OR TIED.
MM INDICATES DATA IS MISSING.
T  INDICATES TRACE AMOUNT.




$$
