000
CDAK49 PABR 280901
CLIBRW

CLIMATE REPORT
NATIONAL WEATHER SERVICE BARROW, AK
102 AM AKDT TUE APR 28 2015

...................................
...THE BARROW WSO AP CLIMATE SUMMARY FOR APRIL 27 2015...

CLIMATE NORMAL PERIOD  1981 TO  2010
CLIMATE RECORD PERIOD  1915 TO  2015

WEATHER ITEM   OBSERVED TIME    RECORD YEAR NORMAL DEPARTURE LAST
               VALUE    (LST)   VALUE       VALUE  FROM      YEAR
                                                   NORMAL
...................................................................
TEMPERATURE
YESTERDAY
 MAXIMUM            20  1238 PM    37  1967     16       4     25
 MINIMUM            15  0218 AM   -22  1949      3      12      2
 AVERAGE            18                          10       8     14

PRECIPITATION
(INCHES)
 YESTERDAY           T           0.07  2013   0.00       T      T
 MONTH TO DATE    0.33                        0.14    0.19   0.29
 SINCE MAR 1      0.61                        0.23    0.38   0.34
 SINCE JAN 1      1.18                        0.50    0.68   0.71

SNOWFALL
(INCHES)
 YESTERDAY           T            1.2  1973    0.1    -0.1      T
 MONTH TO DATE     5.6                         2.9     2.7    3.7
 SINCE MAR 1       9.0                         5.0     4.0    5.5
 SINCE JUL 1      52.1                        34.0    18.1   48.1
 SNOW DEPTH (IN)     8                                          9

DEGREE DAYS
 HEATING
  YESTERDAY         47                          55      -8     51
  MONTH TO DATE   1602                        1733    -131   1688
  SINCE MAR 1     3942                        4137    -195   3841
  SINCE JUL 1    16085                       16985    -900  15564

 COOLING
  YESTERDAY          0                           0       0      0
  MONTH TO DATE      0                           0       0      0
  SINCE MAR 1        0                           0       0      0
  SINCE JAN 1        0                           0       0      0
...................................................................

WIND (MPH)
 HIGHEST WIND SPEED    10     HIGHEST WIND DIRECTION    180
 HIGHEST GUST SPEED    13     HIGHEST GUST DIRECTION    180
 AVERAGE WIND SPEED   5.3

WEATHER CONDITIONS
 THE FOLLOWING WEATHER WAS RECORDED YESTERDAY.
  FOG
SNOW


RELATIVE HUMIDITY
 HIGHEST RH     100 PERCENT       03:00 AM
 LOWEST  RH     84 PERCENT       09:53 PM
 AVERAGE RH     90 PERCENT       MM
...................................................................

THE BARROW CLIMATE NORMALS FOR TODAY
                           NORMAL    RECORD   YEAR
 MAXIMUM TEMPERATURE (F)     17        36     1967
 MINIMUM TEMPERATURE (F)      4       -24     1964

SUNRISE AND SUNSET
 APR 28 2015..........SUNRISE  4:56 AM      SUNSET 12:00 PM
 APR 29 2015..........SUNRISE  4:49 AM      SUNSET 12:06 AM

-  INDICATES NEGATIVE NUMBERS.
R  INDICATES RECORD HAS BEEN SET OR TIED.
MM INDICATES DATA IS MISSING.
T  INDICATES TRACE OF PRECIPITATION.

&&
-------------------------------------------------------------------

AMOUNT OF DAYLIGHT TODAY  (HOUR:MIN)........19 HOURS 4 MINUTES
GAIN/LOSS SINCE YESTERDAY (HOUR:MIN:SEC)....+0:12:57

$$
DZB APR 15
