000
CDUS43 KGRR 060519
CLIBTL


CLIMATE REPORT
NATIONAL WEATHER SERVICE GRAND RAPIDS, MI
115 AM EDT WED MAY 6 2015


...................................

...THE BATTLE CREEK MI CLIMATE SUMMARY FOR MAY 5 2015...

CLIMATE NORMAL PERIOD 1981 TO 2010
CLIMATE RECORD PERIOD 1998 TO 2015


WEATHER ITEM   OBSERVED TIME   NORMAL DEPARTURE LAST
                VALUE   (LST)  VALUE  FROM      YEAR
                                      NORMAL
......................................................
TEMPERATURE (F)
 YESTERDAY
  MAXIMUM         59   1219 AM  67     -8       57
  MINIMUM         49    319 PM  42      7       42
  AVERAGE         54            55     -1       50

PRECIPITATION (IN)
  YESTERDAY        0.84          0.11   0.73      T
  MONTH TO DATE    1.02          0.56   0.46     0.14
  SINCE MAR 1      3.09          5.27  -2.18     3.43
  SINCE JAN 1      4.10          8.27  -4.17     4.96

DEGREE DAYS
 HEATING
  YESTERDAY       11            11      0       15
  MONTH TO DATE   26            56    -30       75
  SINCE MAR 1   1462          1480    -18     1761
  SINCE JUL 1   6667          6445    222     7215

 COOLING
  YESTERDAY        0             0      0        0
  MONTH TO DATE    1             0      1        0
  SINCE MAR 1      1             7     -6        0
  SINCE JAN 1      1             7     -6        0
......................................................


WIND (MPH)
  RESULTANT WIND SPEED   8   RESULTANT WIND DIRECTION  NE (60)
  HIGHEST WIND SPEED    16   HIGHEST WIND DIRECTION     E (70)
  HIGHEST GUST SPEED    21   HIGHEST GUST DIRECTION     E (80)
  AVERAGE WIND SPEED     7.8


SKY COVER
  AVERAGE SKY COVER 0.8


WEATHER CONDITIONS
 THE FOLLOWING WEATHER WAS RECORDED YESTERDAY.
  HEAVY RAIN
  RAIN
  LIGHT RAIN
  FOG


RELATIVE HUMIDITY (PERCENT)
 HIGHEST    96          1100 PM
 LOWEST     51           300 AM
 AVERAGE    74

..........................................................


THE BATTLE CREEK MI CLIMATE NORMALS FOR TODAY
                         NORMAL
 MAXIMUM TEMPERATURE (F)   68
 MINIMUM TEMPERATURE (F)   43


SUNRISE AND SUNSET
MAY  6 2015...........SUNRISE   630 AM EDT   SUNSET   846 PM EDT
MAY  7 2015...........SUNRISE   629 AM EDT   SUNSET   847 PM EDT


-  INDICATES NEGATIVE NUMBERS.
R  INDICATES RECORD WAS SET OR TIED.
MM INDICATES DATA IS MISSING.
T  INDICATES TRACE AMOUNT.




$$
