000
CDUS41 KBTV 062121
CLIBTV


CLIMATE REPORT
NATIONAL WEATHER SERVICE BURLINGTON VT
521 PM EDT WED MAY 6 2015


...................................

...THE BURLINGTON VT CLIMATE SUMMARY FOR MAY 6 2015...
VALID TODAY AS OF 0500 PM LOCAL TIME.

CLIMATE NORMAL PERIOD 1981 TO 2010
CLIMATE RECORD PERIOD 1884 TO 2015


WEATHER ITEM   OBSERVED TIME   RECORD YEAR NORMAL DEPARTURE LAST
                VALUE   (LST)  VALUE       VALUE  FROM      YEAR
                                                  NORMAL
..................................................................
TEMPERATURE (F)
 TODAY
  MAXIMUM         78    342 PM  87    1944  64     14       59
  MINIMUM         42    504 AM  25    1961  42      0       38
  AVERAGE         60                        53      7       49

PRECIPITATION (IN)
  TODAY            0.00          0.85 1894   0.11  -0.11     0.00
  MONTH TO DATE    T                         0.61  -0.61     0.52
  SINCE MAR 1      3.54                      5.65  -2.11     6.06
  SINCE JAN 1      5.92                      9.47  -3.55    10.34

SNOWFALL (IN)
  TODAY            0.0           0.4  1970   0.0    0.0      0.0
  MONTH TO DATE    0.0                       0.2   -0.2      0.0
  SINCE MAR 1      7.5                      20.6  -13.1     28.2
  SINCE JUL 1     83.4                      81.4    2.0     86.5
  SNOW DEPTH       0

DEGREE DAYS
 HEATING
  TODAY            5                        12     -7       16
  MONTH TO DATE   28                        78    -50       75
  SINCE MAR 1   1817                      1742     75     2002
  SINCE JUL 1   7334                      7152    182     7467

 COOLING
  TODAY            0                         0      0        0
  MONTH TO DATE    2                         0      2        0
  SINCE MAR 1      2                         2      0        0
  SINCE JAN 1      2                         2      0        0
..................................................................


WIND (MPH)
  HIGHEST WIND SPEED    10   HIGHEST WIND DIRECTION    NW (320)
  HIGHEST GUST SPEED    15   HIGHEST GUST DIRECTION    NW (320)
  AVERAGE WIND SPEED     3.6


SKY COVER
  POSSIBLE SUNSHINE  MM
  AVERAGE SKY COVER 0.0


WEATHER CONDITIONS
 THE FOLLOWING WEATHER WAS RECORDED TODAY.
  NO SIGNIFICANT WEATHER WAS OBSERVED.


RELATIVE HUMIDITY (PERCENT)
 HIGHEST    76           400 AM
 LOWEST     16           200 PM
 AVERAGE    46

..........................................................


THE BURLINGTON VT CLIMATE NORMALS FOR TOMORROW
                         NORMAL    RECORD    YEAR
 MAXIMUM TEMPERATURE (F)   64        89      2000
 MINIMUM TEMPERATURE (F)   42        25      1968


SUNRISE AND SUNSET
MAY  6 2015...........SUNRISE   537 AM EDT   SUNSET   803 PM EDT
MAY  7 2015...........SUNRISE   535 AM EDT   SUNSET   804 PM EDT


-  INDICATES NEGATIVE NUMBERS.
R  INDICATES RECORD WAS SET OR TIED.
MM INDICATES DATA IS MISSING.
T  INDICATES TRACE AMOUNT.




$$
