000
CDUS45 KABQ 040838
CLICAO


CLIMATE REPORT
NATIONAL WEATHER SERVICE ALBUQUERQUE NM
236 AM MDT MON MAY 4 2015


...................................

...THE CLAYTON  NM CLIMATE SUMMARY FOR MAY 3 2015...

CLIMATE NORMAL PERIOD 1981 TO 2010
CLIMATE RECORD PERIOD 1896 TO 2015


WEATHER ITEM   OBSERVED TIME   RECORD YEAR NORMAL DEPARTURE
                VALUE   (LST)  VALUE       VALUE  FROM
                                                  NORMAL
...............................................................
TEMPERATURE (F)
 YESTERDAY
  MAXIMUM         81    318 PM  90    1947  72      9
                                      1940
  MINIMUM         48    448 AM  24    1954  43      5
  AVERAGE         65                        58      7

PRECIPITATION (IN)
  YESTERDAY        0.17          1.96 1928   0.04   0.13
  MONTH TO DATE    0.38                      0.12   0.26
  SINCE MAR 1      2.08                      2.01   0.07
  SINCE JAN 1      5.10                      2.63   2.47

SNOWFALL (IN)
  YESTERDAY        0.0
  MONTH TO DATE    0.0
  SINCE MAR 1      0.9
  SINCE JUL 1     26.1

DEGREE DAYS
 HEATING
  YESTERDAY        0                         8     -8
  MONTH TO DATE    4                        24    -20
  SINCE MAR 1    823                      1053   -230
  SINCE JUL 1   4266                      4730   -464

 COOLING
  YESTERDAY        0                         1     -1
  MONTH TO DATE    3                         2      1
  SINCE MAR 1      3                         8     -5
  SINCE JAN 1      3                         8     -5
...............................................................


WIND (MPH)
  HIGHEST WIND SPEED    28   HIGHEST WIND DIRECTION    SW (230)
  HIGHEST GUST SPEED    38   HIGHEST GUST DIRECTION     W (250)
  AVERAGE WIND SPEED     9.5


SKY COVER
  AVERAGE SKY COVER 0.3


WEATHER CONDITIONS
 THE FOLLOWING WEATHER WAS RECORDED YESTERDAY.
  THUNDERSTORM
  HEAVY RAIN
  RAIN
  LIGHT RAIN


RELATIVE HUMIDITY (PERCENT)
 HIGHEST    77          1100 PM
 LOWEST     20           300 PM
 AVERAGE    49

..........................................................


THE CLAYTON  NM CLIMATE NORMALS FOR TODAY
                         NORMAL    RECORD    YEAR
 MAXIMUM TEMPERATURE (F)   72        90      2014
                                             2012
 MINIMUM TEMPERATURE (F)   44        26      1899


SUNRISE AND SUNSET
MAY  4 2015...........SUNRISE   556 AM MDT   SUNSET   743 PM MDT
MAY  5 2015...........SUNRISE   555 AM MDT   SUNSET   744 PM MDT


-  INDICATES NEGATIVE NUMBERS.
R  INDICATES RECORD WAS SET OR TIED.
MM INDICATES DATA IS MISSING.
T  INDICATES TRACE AMOUNT.

$$
