000
CDUS45 KCYS 040727
CLICDR


CLIMATE REPORT
NATIONAL WEATHER SERVICE CHEYENNE WY
127 AM MDT MON MAY 4 2015


...................................

...THE CHADRON NE AIRPORT CLIMATE SUMMARY FOR MAY 3 2015...

CLIMATE NORMAL PERIOD 1981 TO 2010
CLIMATE RECORD PERIOD 1895 TO 2015


WEATHER ITEM   OBSERVED TIME   RECORD YEAR NORMAL DEPARTURE LAST
                VALUE   (LST)  VALUE       VALUE  FROM      YEAR
                                                  NORMAL
..................................................................
TEMPERATURE (F)
 YESTERDAY
  MAXIMUM         71    342 PM  91    1985  66      5       71
  MINIMUM         38    516 AM  16    1954  36      2       34
  AVERAGE         55                        51      4       53

PRECIPITATION (IN)
  YESTERDAY        0.00          0.60 1994   0.09  -0.09     0.00
  MONTH TO DATE    0.00                      0.26  -0.26     0.00
  SINCE JAN 1      2.62                      4.44  -1.82     4.30

DEGREE DAYS
 HEATING
  YESTERDAY       10                        14     -4       12
  MONTH TO DATE   23                        43    -20       46
  SINCE MAR 1   1238                      1554   -316     1490
  SINCE JUL 1   6183                      6806   -623     6964

 COOLING
  YESTERDAY        0                         0      0        0
  MONTH TO DATE    0                         0      0        0
  SINCE MAR 1      0                         2     -2        1
  SINCE JAN 1      0                         2     -2        1
..................................................................


WIND (MPH)
  HIGHEST WIND SPEED    25   HIGHEST WIND DIRECTION    NE (30)
  HIGHEST GUST SPEED    32   HIGHEST GUST DIRECTION    NE (30)
  AVERAGE WIND SPEED    10.2


SKY COVER
  AVERAGE SKY COVER 0.0


WEATHER CONDITIONS
 THE FOLLOWING WEATHER WAS RECORDED YESTERDAY.
  NO SIGNIFICANT WEATHER WAS OBSERVED.


RELATIVE HUMIDITY (PERCENT)
 HIGHEST    86           400 AM
 LOWEST     33           100 PM
 AVERAGE    60

..........................................................


THE CHADRON NE AIRPORT CLIMATE NORMALS FOR TODAY
                         NORMAL    RECORD    YEAR
 MAXIMUM TEMPERATURE (F)   67        90      1966
 MINIMUM TEMPERATURE (F)   36        23      2013


SUNRISE AND SUNSET
MAY  4 2015...........SUNRISE   543 AM MDT   SUNSET   756 PM MDT
MAY  5 2015...........SUNRISE   542 AM MDT   SUNSET   757 PM MDT


-  INDICATES NEGATIVE NUMBERS.
R  INDICATES RECORD WAS SET OR TIED.
MM INDICATES DATA IS MISSING.
T  INDICATES TRACE AMOUNT.




$$
