000
CDUS44 KLUB 070626
CLICDS


CLIMATE REPORT
NATIONAL WEATHER SERVICE LUBBOCK, TX
125 AM CDT THU MAY 7 2015


...................................

...THE CHILDRESS CLIMATE SUMMARY FOR MAY 6 2015...

CLIMATE NORMAL PERIOD 1981 TO 2010
CLIMATE RECORD PERIOD 1893 TO 2015


WEATHER ITEM   OBSERVED TIME   RECORD YEAR NORMAL DEPARTURE LAST
                VALUE   (LST)  VALUE       VALUE  FROM      YEAR
                                                  NORMAL
..................................................................
TEMPERATURE (F)
 YESTERDAY
  MAXIMUM         85    454 PM 102    2014  82      3      102
  MINIMUM         59   1206 AM  39    1898  55      4       61
  AVERAGE         72                        68      4       82

PRECIPITATION (IN)
  YESTERDAY        T             2.02 1897   0.09  -0.09     0.00
  MONTH TO DATE    1.08                      0.49   0.59     0.00
  SINCE MAR 1      6.30                      4.14   2.16     1.99
  SINCE JAN 1      7.47                      5.92   1.55     2.35

SNOWFALL (IN)
  YESTERDAY        0.0                       0.0    0.0      0.0
  MONTH TO DATE    0.0                       0.0    0.0      0.0
  SINCE MAR 1      0.0                       0.6   -0.6       T
  SINCE JUL 1      2.0                       7.0   -5.0      9.5
  SNOW DEPTH       0

DEGREE DAYS
 HEATING
  YESTERDAY        0                         1     -1        0
  MONTH TO DATE    1                        11    -10       14
  SINCE MAR 1    435                       539   -104      624
  SINCE JUL 1   2932                      3099   -167     3440

 COOLING
  YESTERDAY        7                         5      2       17
  MONTH TO DATE   27                        27      0       62
  SINCE MAR 1    123                       117      6      156
  SINCE JAN 1    123                       118      5      156
..................................................................


WIND (MPH)
  RESULTANT WIND SPEED  15   RESULTANT WIND DIRECTION   S (180)
  HIGHEST WIND SPEED    28   HIGHEST WIND DIRECTION     S (160)
  HIGHEST GUST SPEED    36   HIGHEST GUST DIRECTION     S (200)
  AVERAGE WIND SPEED    16.0


SKY COVER
  AVERAGE SKY COVER 0.5


WEATHER CONDITIONS
 THE FOLLOWING WEATHER WAS RECORDED YESTERDAY.
  THUNDERSTORM
  LIGHT RAIN


RELATIVE HUMIDITY (PERCENT)
 HIGHEST   100           400 AM
 LOWEST     37           400 PM
 AVERAGE    69

..........................................................


THE CHILDRESS CLIMATE NORMALS FOR TODAY
                         NORMAL    RECORD    YEAR
 MAXIMUM TEMPERATURE (F)   82       105      2000
 MINIMUM TEMPERATURE (F)   56        40      1960


SUNRISE AND SUNSET
MAY  7 2015...........SUNRISE   646 AM CDT   SUNSET   830 PM CDT
MAY  8 2015...........SUNRISE   645 AM CDT   SUNSET   831 PM CDT


-  INDICATES NEGATIVE NUMBERS.
R  INDICATES RECORD WAS SET OR TIED.
MM INDICATES DATA IS MISSING.
T  INDICATES TRACE AMOUNT.




$$
