000
CDUS43 KPAH 182132
CLICGI


CLIMATE REPORT
NATIONAL WEATHER SERVICE PADUCAH KY
431 PM CDT SAT APR 18 2015


...................................

...THE CAPE GIRARDEAU MO CLIMATE SUMMARY FOR APRIL 18 2015...
VALID TODAY AS OF 0400 PM LOCAL TIME.

CLIMATE NORMAL PERIOD 1981 TO 2010
CLIMATE RECORD PERIOD 1960 TO 2015


WEATHER ITEM   OBSERVED TIME   RECORD YEAR NORMAL DEPARTURE LAST
                VALUE   (LST)  VALUE       VALUE  FROM      YEAR
                                                  NORMAL
..................................................................
TEMPERATURE (F)
 TODAY
  MAXIMUM         78    259 PM  86    2006  70      8       75
  MINIMUM         55    445 AM  27    2001  46      9       44
  AVERAGE         67                        58      9

PRECIPITATION (IN)
  TODAY            0.00          2.17 2013   0.15  -0.15     0.00
  MONTH TO DATE    2.53                      2.46   0.07     3.71
  SINCE MAR 1     11.32                      6.86   4.46     6.02
  SINCE JAN 1     17.84                     13.74   4.10     9.16

DEGREE DAYS
 HEATING
  TODAY            0                         8     -8        5
  MONTH TO DATE   77                       190   -113      173
  SINCE MAR 1    683                       749    -66      891
  SINCE JUL 1   4461                      4246    215     4816

 COOLING
  TODAY            2                         1      1        0
  MONTH TO DATE   25                        12     13        7
  SINCE MAR 1     25                        16      9        7
  SINCE JAN 1     25                        16      9        7
..................................................................


WIND (MPH)
  HIGHEST WIND SPEED    13   HIGHEST WIND DIRECTION     E (100)
  HIGHEST GUST SPEED    16   HIGHEST GUST DIRECTION    SE (130)
  AVERAGE WIND SPEED     4.3


SKY COVER
  AVERAGE SKY COVER 0.5


WEATHER CONDITIONS
 THE FOLLOWING WEATHER WAS RECORDED TODAY.
  FOG
  FOG W/VISIBILITY <= 1/4 MILE


RELATIVE HUMIDITY (PERCENT)
 HIGHEST   100
 LOWEST     48
 AVERAGE    74

..........................................................


THE CAPE GIRARDEAU MO CLIMATE NORMALS FOR TOMORROW
                         NORMAL
 MAXIMUM TEMPERATURE (F)   70
 MINIMUM TEMPERATURE (F)   47


SUNRISE AND SUNSET
APRIL 18 2015.........SUNRISE   620 AM CDT   SUNSET   736 PM CDT
APRIL 19 2015.........SUNRISE   619 AM CDT   SUNSET   737 PM CDT


-  INDICATES NEGATIVE NUMBERS.
R  INDICATES RECORD WAS SET OR TIED.
MM INDICATES DATA IS MISSING.
T  INDICATES TRACE AMOUNT.




$$
