000
CDUS41 KRLX 030718
CLICRW


CLIMATE REPORT
NATIONAL WEATHER SERVICE CHARLESTON WV
316 AM EDT SUN MAY 3 2015


...................................

...THE CHARLESTON WV CLIMATE SUMMARY FOR MAY 2 2015...

CLIMATE NORMAL PERIOD 1981 TO 2010
CLIMATE RECORD PERIOD 1901 TO 2015


WEATHER ITEM   OBSERVED TIME   RECORD YEAR NORMAL DEPARTURE LAST
                VALUE   (LST)  VALUE       VALUE  FROM      YEAR
                                                  NORMAL
..................................................................
TEMPERATURE (F)
 YESTERDAY
  MAXIMUM         75    342 PM  91    1933  72      3       63
  MINIMUM         43    459 AM  28    1963  49     -6       50
  AVERAGE         59                        60     -1       57

PRECIPITATION (IN)
  YESTERDAY        0.00          0.99 1985   0.14  -0.14     0.00
  MONTH TO DATE    0.02                      0.27  -0.25      T
  SINCE JAN 1     17.28                     13.61   3.67    13.75

SNOWFALL (IN)
  YESTERDAY        0.0
  MONTH TO DATE    0.0
  SINCE SEP 1     29.1
  SNOW DEPTH       0

DEGREE DAYS
 HEATING
  YESTERDAY        6                         6      0        8
  MONTH TO DATE   14                        12      2       15
  SINCE MAR 1    890                       906    -16      934
  SINCE JUL 1   4795                      4360    435     4701

 COOLING
  YESTERDAY        0                         1     -1        0
  MONTH TO DATE    0                         2     -2        0
  SINCE MAR 1     15                        34    -19       18
  SINCE JAN 1     15                        34    -19       18
..................................................................


WIND (MPH)
  HIGHEST WIND SPEED    14   HIGHEST WIND DIRECTION    NE (30)
  HIGHEST GUST SPEED    17   HIGHEST GUST DIRECTION    NE (40)
  AVERAGE WIND SPEED     1.9


SKY COVER
  POSSIBLE SUNSHINE  MM
  AVERAGE SKY COVER 0.3


WEATHER CONDITIONS
 THE FOLLOWING WEATHER WAS RECORDED YESTERDAY.
  NO SIGNIFICANT WEATHER WAS OBSERVED.


RELATIVE HUMIDITY (PERCENT)
 HIGHEST   100           400 AM
 LOWEST     23           500 PM
 AVERAGE    62

..........................................................


THE CHARLESTON WV CLIMATE NORMALS FOR TODAY
                         NORMAL    RECORD    YEAR
 MAXIMUM TEMPERATURE (F)   72        92      1942
 MINIMUM TEMPERATURE (F)   49        31      2005


SUNRISE AND SUNSET
MAY  3 2015...........SUNRISE   628 AM EDT   SUNSET   820 PM EDT
MAY  4 2015...........SUNRISE   626 AM EDT   SUNSET   821 PM EDT


-  INDICATES NEGATIVE NUMBERS.
R  INDICATES RECORD WAS SET OR TIED.
MM INDICATES DATA IS MISSING.
T  INDICATES TRACE AMOUNT.




$$
