000
CDUS42 KFFC 040819
CLICSG


CLIMATE REPORT
NATIONAL WEATHER SERVICE PEACHTREE CITY GA
418 AM EDT MON MAY 4 2015


...................................

...THE COLUMBUS CLIMATE SUMMARY FOR MAY 3 2015...

CLIMATE NORMAL PERIOD 1981 TO 2010
CLIMATE RECORD PERIOD 1948 TO 2015


WEATHER ITEM   OBSERVED TIME   RECORD YEAR NORMAL DEPARTURE LAST
                VALUE   (LST)  VALUE       VALUE  FROM      YEAR
                                                  NORMAL
..................................................................
TEMPERATURE (F)
 YESTERDAY
  MAXIMUM         81    421 PM  91    1990  81      0       79
  MINIMUM         52    604 AM  43    1961  58     -6       53
  AVERAGE         67                        69     -2       66

PRECIPITATION (IN)
  YESTERDAY        0.00          4.77 2010   0.10  -0.10     0.00
  MONTH TO DATE    0.00                      0.31  -0.31      T
  SINCE MAR 1      8.93                      9.32  -0.39    14.70
  SINCE JAN 1     16.30                     17.61  -1.31    23.02

DEGREE DAYS
 HEATING
  YESTERDAY        0                         1     -1        0
  MONTH TO DATE    2                         3     -1        5
  SINCE MAR 1    202                       338   -136      396
  SINCE JUL 1   2212                      2115     97     2339

 COOLING
  YESTERDAY        2                         5     -3        1
  MONTH TO DATE    2                        15    -13        1
  SINCE MAR 1    151                       115     36       69
  SINCE JAN 1    151                       119     32       72
..................................................................


WIND (MPH)
  HIGHEST WIND SPEED    13   HIGHEST WIND DIRECTION    SW (230)
  HIGHEST GUST SPEED    17   HIGHEST GUST DIRECTION     S (200)
  AVERAGE WIND SPEED     2.3


SKY COVER
  AVERAGE SKY COVER 0.1


WEATHER CONDITIONS
 THE FOLLOWING WEATHER WAS RECORDED YESTERDAY.
  NO SIGNIFICANT WEATHER WAS OBSERVED.


RELATIVE HUMIDITY (PERCENT)
 HIGHEST    93           300 AM
 LOWEST     28           400 PM
 AVERAGE    61

..........................................................


THE COLUMBUS CLIMATE NORMALS FOR TODAY
                         NORMAL    RECORD    YEAR
 MAXIMUM TEMPERATURE (F)   81        90      1959
                                             1955
 MINIMUM TEMPERATURE (F)   58        40      1971


SUNRISE AND SUNSET
MAY  4 2015...........SUNRISE   650 AM EDT   SUNSET   823 PM EDT
MAY  5 2015...........SUNRISE   650 AM EDT   SUNSET   824 PM EDT


-  INDICATES NEGATIVE NUMBERS.
R  INDICATES RECORD WAS SET OR TIED.
MM INDICATES DATA IS MISSING.
T  INDICATES TRACE AMOUNT.




$$
