000
CDUS42 KTAE 032136
CLICTY


CLIMATE REPORT
NATIONAL WEATHER SERVICE TALLAHASSEE FL
535 PM EDT SUN MAY 3 2015


...................................

...THE CROSS CITY  CLIMATE SUMMARY FOR MAY 3 2015...
VALID TODAY AS OF 0500 PM LOCAL TIME.

CLIMATE NORMAL PERIOD 1981 TO 2010
CLIMATE RECORD PERIOD 1948 TO 2015


WEATHER ITEM   OBSERVED TIME   NORMAL DEPARTURE LAST
                VALUE   (LST)  VALUE  FROM      YEAR
                                      NORMAL
......................................................
TEMPERATURE (F)
 TODAY
  MAXIMUM         85    356 PM  84      1       73
  MINIMUM         55    226 AM  57     -2       55
  AVERAGE         70            71     -1

PRECIPITATION (IN)
  TODAY            0.00          0.06  -0.06     0.21
  MONTH TO DATE    0.00          0.18  -0.18     0.61
  SINCE MAR 1      3.31          7.35  -4.04     9.62
  SINCE JAN 1      9.28         14.66  -5.38    19.77

DEGREE DAYS
 HEATING
  TODAY            0
  MONTH TO DATE    1
  SINCE MAR 1     53
  SINCE JUL 1   1213

 COOLING
  TODAY            5
  MONTH TO DATE    8
  SINCE MAR 1    440
  SINCE JAN 1    456
......................................................


WIND (MPH)
  RESULTANT WIND SPEED   3   RESULTANT WIND DIRECTION   E (90)
  HIGHEST WIND SPEED    13   HIGHEST WIND DIRECTION    NE (30)
  HIGHEST GUST SPEED    18   HIGHEST GUST DIRECTION     N (20)
  AVERAGE WIND SPEED     3.3



WEATHER CONDITIONS
 THE FOLLOWING WEATHER WAS RECORDED TODAY.
  NO SIGNIFICANT WEATHER WAS OBSERVED.


RELATIVE HUMIDITY (PERCENT)
 HIGHEST    93
 LOWEST     29
 AVERAGE    61

..........................................................


THE CROSS CITY  CLIMATE NORMALS FOR TOMORROW
                         NORMAL
 MAXIMUM TEMPERATURE (F)   85
 MINIMUM TEMPERATURE (F)   58



-  INDICATES NEGATIVE NUMBERS.
R  INDICATES RECORD WAS SET OR TIED.
MM INDICATES DATA IS MISSING.
T  INDICATES TRACE AMOUNT.




$$
