000
CDUS46 KSGX 211417
CLICZZ


CLIMATE REPORT
NATIONAL WEATHER SERVICE SAN DIEGO, CA
717 AM PDT TUE APR 21 2015


...................................

...THE CAMPO ASOS CA CLIMATE SUMMARY FOR APRIL 20 2015...

CLIMATE NORMAL PERIOD 1981 TO 2010
CLIMATE RECORD PERIOD 1948 TO 2015


WEATHER ITEM   OBSERVED TIME   RECORD YEAR NORMAL DEPARTURE LAST
                VALUE   (LST)  VALUE       VALUE  FROM      YEAR
                                                  NORMAL
..................................................................
TEMPERATURE (F)
 YESTERDAY
  MAXIMUM         72    131 PM  88    2009  74     -2       84
                                      1997
  MINIMUM         35    400 AM  24    2002  38     -3       42
                                      1972
  AVERAGE         54                        56     -2       63

PRECIPITATION (IN)
  YESTERDAY        0.00          0.57 1988   0.02  -0.02     0.00
  MONTH TO DATE    0.03                      0.73  -0.70     0.28
  SINCE OCT 1      6.38                     13.85  -7.47     4.60
  SINCE JAN 1      2.51                      9.63  -7.12     2.35

SNOWFALL (IN)
  YESTERDAY        0.0
  MONTH TO DATE    0.0
  SINCE MAR 1      0.0
  SINCE JUL 1      0.0
  SNOW DEPTH       0

DEGREE DAYS
 HEATING
  YESTERDAY       11                         9      2        2
  MONTH TO DATE  210                       218     -8      182
  SINCE MAR 1    505                       635   -130      554
  SINCE JUL 1   2141                      2686   -545     2424

 COOLING
  YESTERDAY        0                         0      0        0
  MONTH TO DATE    0                         0      0        1
  SINCE MAR 1      0                         0      0        1
  SINCE JAN 1      0                         0      0        1
..................................................................


WIND (MPH)
  RESULTANT WIND SPEED   7   RESULTANT WIND DIRECTION  SW (210)
  HIGHEST WIND SPEED    23   HIGHEST WIND DIRECTION    SW (220)
  HIGHEST GUST SPEED    28   HIGHEST GUST DIRECTION    SW (210)
  AVERAGE WIND SPEED     9.1


SKY COVER
  POSSIBLE SUNSHINE  MM
  AVERAGE SKY COVER 0.0



RELATIVE HUMIDITY (PERCENT)
 HIGHEST    93           900 PM
 LOWEST     31          1100 AM
 AVERAGE    62

..........................................................


THE CAMPO ASOS CA CLIMATE NORMALS FOR TODAY
                         NORMAL    RECORD    YEAR
 MAXIMUM TEMPERATURE (F)   74        91      2009
 MINIMUM TEMPERATURE (F)   38        25      1973


SUNRISE AND SUNSET
APRIL 21 2015.........SUNRISE   610 AM PDT   SUNSET   720 PM PDT
APRIL 22 2015.........SUNRISE   609 AM PDT   SUNSET   721 PM PDT


-  INDICATES NEGATIVE NUMBERS.
R  INDICATES RECORD WAS SET OR TIED.
MM INDICATES DATA IS MISSING.
T  INDICATES TRACE AMOUNT.




$$
