000
CDUS43 KUNR 250855
CLID07


CLIMATE REPORT
NATIONAL WEATHER SERVICE RAPID CITY SD
255 AM MDT SAT APR 25 2015


...................................

...THE FAITH SD CLIMATE SUMMARY FOR APRIL 24 2015...

CLIMATE NORMAL PERIOD 1981 TO 2010
CLIMATE RECORD PERIOD 9999 TO 9999


WEATHER ITEM   OBSERVED TIME   NORMAL DEPARTURE LAST
                VALUE   (LST)  VALUE  FROM      YEAR
                                      NORMAL
......................................................
TEMPERATURE (F)
 YESTERDAY
  MAXIMUM         72    257 PM  61     11       63
  MINIMUM         39    519 AM  36      3       37
  AVERAGE         56            48      8       50

PRECIPITATION (IN)
  YESTERDAY        0.00          0.07  -0.07     0.00
  MONTH TO DATE    0.42          1.12  -0.70     0.17
  SINCE MAR 1      0.57          2.10  -1.53     1.36
  SINCE JAN 1      1.00          2.72  -1.72     2.26

DEGREE DAYS
 HEATING
  YESTERDAY        9            17     -8       15
  MONTH TO DATE  461           517    -56      515
  SINCE MAR 1   1185          1520   -335     1633
  SINCE JUL 1   6684          7208   -524     7719

 COOLING
  YESTERDAY        0             0      0        0
  MONTH TO DATE    0             0      0        0
  SINCE MAR 1      2             0      2        0
  SINCE JAN 1      2             0      2        0
......................................................


WIND (MPH)
  HIGHEST WIND SPEED    21   HIGHEST WIND DIRECTION    NE (50)
  HIGHEST GUST SPEED    28   HIGHEST GUST DIRECTION    NE (50)
  AVERAGE WIND SPEED    11.5




RELATIVE HUMIDITY (PERCENT)
 HIGHEST    82           200 AM
 LOWEST     23           400 PM
 AVERAGE    53

..........................................................




SUNRISE AND SUNSET
APRIL 25 2015.........SUNRISE   547 AM MDT   SUNSET   746 PM MDT
APRIL 26 2015.........SUNRISE   545 AM MDT   SUNSET   747 PM MDT


-  INDICATES NEGATIVE NUMBERS.
R  INDICATES RECORD WAS SET OR TIED.
MM INDICATES DATA IS MISSING.
T  INDICATES TRACE AMOUNT.




$$
