000
CDUS43 KBIS 270729
CLIDIK


CLIMATE REPORT
NATIONAL WEATHER SERVICE BISMARCK ND
229 AM CDT MON APR 27 2015


...................................

...THE DICKINSON ND CLIMATE SUMMARY FOR APRIL 26 2015...

CLIMATE NORMAL PERIOD 1981 TO 2010
CLIMATE RECORD PERIOD 1893 TO 2015


WEATHER ITEM   OBSERVED TIME   RECORD YEAR NORMAL DEPARTURE LAST
                VALUE   (LST)  VALUE       VALUE  FROM      YEAR
                                                  NORMAL
..................................................................
TEMPERATURE (F)
 YESTERDAY
  MAXIMUM         45    158 PM  87    1952  60    -15       69
  MINIMUM         42   1003 AM  16    1931  33      9       42
  AVERAGE         44                        46     -2       56

PRECIPITATION (IN)
  YESTERDAY        0.18          2.29 1989   0.06   0.12     0.07
  MONTH TO DATE    0.85                      1.20  -0.35     0.11
  SINCE MAR 1      1.32                      1.89  -0.57     0.61
  SINCE JAN 1      1.59                      2.52  -0.93     0.78

DEGREE DAYS
 HEATING
  YESTERDAY       21                        19      2        9
  MONTH TO DATE  575                       610    -35      670
  SINCE MAR 1   1403                      1696   -293     1866
  SINCE JUL 1   7518                      7990   -472     8508

 COOLING
  YESTERDAY        0                         0      0        0
  MONTH TO DATE    0                         0      0        0
  SINCE MAR 1      0                         0      0        0
  SINCE JAN 1      0                         0      0        0
..................................................................


WIND (MPH)
  HIGHEST WIND SPEED    14   HIGHEST WIND DIRECTION    NE (40)
  HIGHEST GUST SPEED    16   HIGHEST GUST DIRECTION    NW (330)
  AVERAGE WIND SPEED     6.6


SKY COVER
  POSSIBLE SUNSHINE  MM
  AVERAGE SKY COVER 0.9


WEATHER CONDITIONS
 THE FOLLOWING WEATHER WAS RECORDED YESTERDAY.
  RAIN
  LIGHT RAIN
  FOG


RELATIVE HUMIDITY (PERCENT)
 HIGHEST   100          1100 PM
 LOWEST     82           600 AM
 AVERAGE    91

..........................................................


THE DICKINSON ND CLIMATE NORMALS FOR TODAY
                         NORMAL    RECORD    YEAR
 MAXIMUM TEMPERATURE (F)   60        88      1910
 MINIMUM TEMPERATURE (F)   33        13      1907


SUNRISE AND SUNSET
APRIL 27 2015.........SUNRISE   543 AM MDT   SUNSET   756 PM MDT
APRIL 28 2015.........SUNRISE   541 AM MDT   SUNSET   757 PM MDT


-  INDICATES NEGATIVE NUMBERS.
R  INDICATES RECORD WAS SET OR TIED.
MM INDICATES DATA IS MISSING.
T  INDICATES TRACE AMOUNT.




$$
