000
CDUS44 KEWX 260656
CLIDRT


CLIMATE REPORT
NATIONAL WEATHER SERVICE AUSTIN/SAN ANTONIO, TX
154 AM CDT SUN APR 26 2015


...................................

...THE DEL RIO CLIMATE SUMMARY FOR APRIL 25 2015...

CLIMATE NORMAL PERIOD 1981 TO 2010
CLIMATE RECORD PERIOD 1906 TO 2015


WEATHER ITEM   OBSERVED TIME   RECORD YEAR NORMAL DEPARTURE LAST
                VALUE   (LST)  VALUE       VALUE  FROM      YEAR
                                                  NORMAL
..................................................................
TEMPERATURE (F)
 YESTERDAY
  MAXIMUM         91    402 PM 103    1996  86      5       93
  MINIMUM         68    814 AM  40    1913  62      6       68
  AVERAGE         80                        74      6       81

PRECIPITATION (IN)
  YESTERDAY        0.25          2.76 1990   0.07   0.18     0.00
  MONTH TO DATE    1.71                      1.31   0.40     0.08
  SINCE MAR 1      3.92                      2.45   1.47     0.40
  SINCE JAN 1      4.91                      4.05   0.86     0.62

SNOWFALL (IN)
  YESTERDAY        0.0
  MONTH TO DATE    0.0
  SINCE MAR 1      0.0
  SINCE JUL 1      0.0

DEGREE DAYS
 HEATING
  YESTERDAY        0                         0      0        0
  MONTH TO DATE    2                        24    -22       14
  SINCE MAR 1    140                       138      2      148
  SINCE JUL 1   1467                      1374     93     1555

 COOLING
  YESTERDAY       15                         9      6       16
  MONTH TO DATE  193                       173     20      222
  SINCE MAR 1    264                       260      4      306
  SINCE JAN 1    279                       279      0      351
..................................................................


WIND (MPH)
  HIGHEST WIND SPEED    16   HIGHEST WIND DIRECTION     W (260)
  HIGHEST GUST SPEED    20   HIGHEST GUST DIRECTION    NW (320)
  AVERAGE WIND SPEED     5.7


SKY COVER
  AVERAGE SKY COVER 0.3


WEATHER CONDITIONS
 THE FOLLOWING WEATHER WAS RECORDED YESTERDAY.
  HEAVY RAIN
  RAIN
  LIGHT RAIN
  FOG
  FOG W/VISIBILITY <= 1/4 MILE


RELATIVE HUMIDITY (PERCENT)
 HIGHEST   100           300 AM
 LOWEST     22           100 PM
 AVERAGE    61

..........................................................


THE DEL RIO CLIMATE NORMALS FOR TODAY
                         NORMAL    RECORD    YEAR
 MAXIMUM TEMPERATURE (F)   86       104      2011
 MINIMUM TEMPERATURE (F)   63        47      1913


SUNRISE AND SUNSET
APRIL 26 2015.........SUNRISE   706 AM CDT   SUNSET   817 PM CDT
APRIL 27 2015.........SUNRISE   706 AM CDT   SUNSET   817 PM CDT


-  INDICATES NEGATIVE NUMBERS.
R  INDICATES RECORD WAS SET OR TIED.
MM INDICATES DATA IS MISSING.
T  INDICATES TRACE AMOUNT.




$$
