000
CDUS46 KOTX 180832
CLIEAT


CLIMATE REPORT
NATIONAL WEATHER SERVICE SPOKANE, WA
131 AM PDT SAT APR 18 2015


...................................

...THE WENATCHEE WA PANGBORN FIELD CLIMATE SUMMARY FOR APRIL 17 2015...

CLIMATE NORMAL PERIOD 1981 TO 2010
CLIMATE RECORD PERIOD 1959 TO 2015


WEATHER ITEM   OBSERVED TIME   RECORD YEAR NORMAL DEPARTURE LAST
                VALUE   (LST)  VALUE       VALUE  FROM      YEAR
                                                  NORMAL
..................................................................
TEMPERATURE (F)
 YESTERDAY
  MAXIMUM         77    452 PM  85    1994  63     14       61
  MINIMUM         43    542 AM  31    1964  41      2       48
  AVERAGE         60                        52      8       55

PRECIPITATION (IN)
  YESTERDAY        0.00          0.35 1988   0.01  -0.01     0.06
  MONTH TO DATE    0.30                      0.27   0.03     0.06
  SINCE OCT 1      5.66                      5.73  -0.07     2.51
  SINCE JAN 1      2.48                      2.78  -0.30     1.95

SNOWFALL (IN)
  YESTERDAY       MM

DEGREE DAYS
 HEATING
  YESTERDAY        5                        13     -8       10
  MONTH TO DATE  264                       250     14      179
  SINCE MAR 1    701                       898   -197      823
  SINCE JUL 1   4330                      5362  -1032     5393

 COOLING
  YESTERDAY        0                         0      0        0
  MONTH TO DATE    0                         0      0        0
  SINCE MAR 1      0                         2     -2        0
  SINCE JAN 1      0                         2     -2        0
..................................................................


WIND (MPH)
  HIGHEST WIND SPEED    29   HIGHEST WIND DIRECTION    NW (300)
  HIGHEST GUST SPEED    35   HIGHEST GUST DIRECTION     W (290)
  AVERAGE WIND SPEED     9.1


SKY COVER
  POSSIBLE SUNSHINE  MM
  AVERAGE SKY COVER 0.0


WEATHER CONDITIONS
 THE FOLLOWING WEATHER WAS RECORDED YESTERDAY.
  NO SIGNIFICANT WEATHER WAS OBSERVED.


RELATIVE HUMIDITY (PERCENT)
 HIGHEST    76           500 AM
 LOWEST     14           500 PM
 AVERAGE    45

..........................................................


THE WENATCHEE WA PANGBORN FIELD CLIMATE NORMALS FOR TODAY
                         NORMAL    RECORD    YEAR
 MAXIMUM TEMPERATURE (F)   63        83      1994
 MINIMUM TEMPERATURE (F)   41        31      1987


SUNRISE AND SUNSET
APRIL 18 2015.........SUNRISE   607 AM PDT   SUNSET   754 PM PDT
APRIL 19 2015.........SUNRISE   605 AM PDT   SUNSET   756 PM PDT


-  INDICATES NEGATIVE NUMBERS.
R  INDICATES RECORD WAS SET OR TIED.
MM INDICATES DATA IS MISSING.
T  INDICATES TRACE AMOUNT.




$$
