000
CDUS43 KMPX 260628
CLIEAU


CLIMATE REPORT
NATIONAL WEATHER SERVICE CHANHASSEN MN
126 AM CDT SUN APR 26 2015


...................................

...THE EAU CLAIRE WI CLIMATE SUMMARY FOR APRIL 25 2015...

CLIMATE NORMAL PERIOD 1981 TO 2010
CLIMATE RECORD PERIOD 1893 TO 2015


WEATHER ITEM   OBSERVED TIME   RECORD YEAR NORMAL DEPARTURE LAST
                VALUE   (LST)  VALUE       VALUE  FROM      YEAR
                                                  NORMAL
..................................................................
TEMPERATURE (F)
 YESTERDAY
  MAXIMUM         62    510 PM  87    1962  63     -1       60
  MINIMUM         38   1159 PM  22    1919  38      0       35
  AVERAGE         50                        50      0       48

PRECIPITATION (IN)
  YESTERDAY        0.00          1.90 1893   0.11  -0.11     0.00
  MONTH TO DATE    2.76                      2.21   0.55     3.79
  SINCE MAR 1      3.47                      3.94  -0.47     4.52
  SINCE JAN 1      4.06                      5.64  -1.58     7.72

SNOWFALL (IN)
  YESTERDAY        0.0           1.0  1965   0.1   -0.1      0.0
  MONTH TO DATE    1.4                       1.8   -0.4      9.1
  SINCE MAR 1      7.3                      10.4   -3.1     13.1
  SINCE JUL 1     38.1                      46.7   -8.6     74.8
  SNOW DEPTH       0

DEGREE DAYS
 HEATING
  YESTERDAY       15                        15      0       17
  MONTH TO DATE  452                       508    -56      592
  SINCE MAR 1   1442                      1552   -110     1876
  SINCE JUL 1   7795                      7573    222     8768

 COOLING
  YESTERDAY        0                         0      0        0
  MONTH TO DATE    0                         0      0        0
  SINCE MAR 1      0                         0      0        0
  SINCE JAN 1      0                         0      0        0
..................................................................


WIND (MPH)
  HIGHEST WIND SPEED    23   HIGHEST WIND DIRECTION     E (90)
  HIGHEST GUST SPEED    27   HIGHEST GUST DIRECTION     E (90)
  AVERAGE WIND SPEED    11.7


SKY COVER
  POSSIBLE SUNSHINE  MM
  AVERAGE SKY COVER 0.5


WEATHER CONDITIONS
 THE FOLLOWING WEATHER WAS RECORDED YESTERDAY.
  NO SIGNIFICANT WEATHER WAS OBSERVED.


RELATIVE HUMIDITY (PERCENT)
 HIGHEST    76          1200 AM
 LOWEST     20           300 PM
 AVERAGE    48

..........................................................


THE EAU CLAIRE WI CLIMATE NORMALS FOR TODAY
                         NORMAL    RECORD    YEAR
 MAXIMUM TEMPERATURE (F)   63        87      1962
 MINIMUM TEMPERATURE (F)   39        22      1919
                                             1907


SUNRISE AND SUNSET
APRIL 26 2015.........SUNRISE   604 AM CDT   SUNSET   805 PM CDT
APRIL 27 2015.........SUNRISE   602 AM CDT   SUNSET   806 PM CDT


-  INDICATES NEGATIVE NUMBERS.
R  INDICATES RECORD WAS SET OR TIED.
MM INDICATES DATA IS MISSING.
T  INDICATES TRACE AMOUNT.




$$
