000
CDUS45 KLKN 190931
CLIELY


CLIMATE REPORT
NATIONAL WEATHER SERVICE ELKO NV
228 AM PDT SUN APR 19 2015


...................................

...THE ELY AIRPORT NV CLIMATE SUMMARY FOR APRIL 18 2015...

CLIMATE NORMAL PERIOD 1981 TO 2010
CLIMATE RECORD PERIOD 1893 TO 2015


WEATHER ITEM   OBSERVED TIME   RECORD YEAR NORMAL DEPARTURE LAST
                VALUE   (LST)  VALUE       VALUE  FROM      YEAR
                                                  NORMAL
..................................................................
TEMPERATURE (F)
 YESTERDAY
  MAXIMUM         68    151 PM  81    1989  58     10       68
  MINIMUM         23    537 AM  12    2002  27     -4       44
  AVERAGE         46                        43      3       56

PRECIPITATION (IN)
  YESTERDAY        T             0.47 1981   0.03  -0.03     0.00
  MONTH TO DATE    0.22                      0.56  -0.34     0.17
  SINCE OCT 1      2.27                      5.23  -2.96     5.00
  SINCE JAN 1      1.10                      2.94  -1.84     2.32

SNOWFALL (IN)
  YESTERDAY        0.0           3.3  1971   0.2   -0.2      0.0
  MONTH TO DATE    3.7                       3.6    0.1      2.9
  SINCE MAR 1      8.7                      11.9   -3.2      7.3
  SINCE JUL 1     19.7                      46.8  -27.1     46.4
  SNOW DEPTH       0

DEGREE DAYS
 HEATING
  YESTERDAY       19                        22     -3        9
  MONTH TO DATE  444                       433     11      379
  SINCE MAR 1   1139                      1323   -184     1212
  SINCE JUL 1   5383                      6660  -1277     6231

 COOLING
  YESTERDAY        0                         0      0        0
  MONTH TO DATE    0                         0      0        0
  SINCE MAR 1      0                         0      0        0
  SINCE JAN 1      0                         0      0        0
..................................................................


WIND (MPH)
  HIGHEST WIND SPEED    22   HIGHEST WIND DIRECTION     N (10)
  HIGHEST GUST SPEED    32   HIGHEST GUST DIRECTION     N (20)
  AVERAGE WIND SPEED    10.4



WEATHER CONDITIONS
 THE FOLLOWING WEATHER WAS RECORDED YESTERDAY.
  NO SIGNIFICANT WEATHER WAS OBSERVED.


RELATIVE HUMIDITY (PERCENT)
 HIGHEST    55           300 AM
 LOWEST     13           500 PM
 AVERAGE    34

..........................................................


THE ELY AIRPORT NV CLIMATE NORMALS FOR TODAY
                         NORMAL    RECORD    YEAR
 MAXIMUM TEMPERATURE (F)   59        79      1994
 MINIMUM TEMPERATURE (F)   28         8      2007


SUNRISE AND SUNSET
APRIL 19 2015.........SUNRISE   557 AM PDT   SUNSET   721 PM PDT
APRIL 20 2015.........SUNRISE   556 AM PDT   SUNSET   722 PM PDT


-  INDICATES NEGATIVE NUMBERS.
R  INDICATES RECORD WAS SET OR TIED.
MM INDICATES DATA IS MISSING.
T  INDICATES TRACE AMOUNT.




$$
