000
CDUS42 KMHX 210526
CLIEWN


CLIMATE REPORT
NATIONAL WEATHER SERVICE NEWPORT/MOREHEAD CITY NC
126 AM EDT TUE APR 21 2015


...................................

...THE NEW BERN NC CLIMATE SUMMARY FOR APRIL 20 2015...

CLIMATE NORMAL PERIOD 1981 TO 2010
CLIMATE RECORD PERIOD 1948 TO 2015


WEATHER ITEM   OBSERVED TIME   RECORD YEAR NORMAL DEPARTURE LAST
                VALUE   (LST)  VALUE       VALUE  FROM      YEAR
                                                  NORMAL
..................................................................
TEMPERATURE (F)
 YESTERDAY
  MAXIMUM         81    230 PM  92    1955  75      6       58
  MINIMUM         68   1057 PM  32    1983  51     17       52
  AVERAGE         75                        63     12       55

PRECIPITATION (IN)
  YESTERDAY        0.32          1.26 1991   0.10   0.22     0.28
  MONTH TO DATE    2.00                      2.08  -0.08     3.55
  SINCE MAR 1      5.56                      6.47  -0.91     8.15
  SINCE JAN 1     13.93                     14.15  -0.22    14.68

SNOWFALL (IN)
  YESTERDAY        0.0
  MONTH TO DATE    0.0
  SINCE NOV 1      3.0
  SINCE JUL 1      3.0
  SNOW DEPTH       0

DEGREE DAYS
 HEATING
  YESTERDAY        0                         4     -4       10
  MONTH TO DATE   50                       119    -69       88
  SINCE MAR 1    402                       488    -86      546
  SINCE JUL 1   2645                      2634     11     2620

 COOLING
  YESTERDAY       10                         2      8        0
  MONTH TO DATE   63                        30     33       43
  SINCE MAR 1     86                        41     45       46
  SINCE JAN 1     93                        44     49       51
..................................................................


WIND (MPH)
  HIGHEST WIND SPEED    20   HIGHEST WIND DIRECTION     S (200)
  HIGHEST GUST SPEED    28   HIGHEST GUST DIRECTION    SE (150)
  AVERAGE WIND SPEED     9.8


SKY COVER
  POSSIBLE SUNSHINE  MM
  AVERAGE SKY COVER 0.5


WEATHER CONDITIONS
 THE FOLLOWING WEATHER WAS RECORDED YESTERDAY.
  HEAVY RAIN
  RAIN
  LIGHT RAIN
  FOG


RELATIVE HUMIDITY (PERCENT)
 HIGHEST    97          1200 AM
 LOWEST     54           200 PM
 AVERAGE    76

..........................................................


THE NEW BERN NC CLIMATE NORMALS FOR TODAY
                         NORMAL    RECORD    YEAR
 MAXIMUM TEMPERATURE (F)   75        92      1970
 MINIMUM TEMPERATURE (F)   52        32      1983


SUNRISE AND SUNSET
APRIL 21 2015.........SUNRISE   629 AM EDT   SUNSET   745 PM EDT
APRIL 22 2015.........SUNRISE   628 AM EDT   SUNSET   746 PM EDT


-  INDICATES NEGATIVE NUMBERS.
R  INDICATES RECORD WAS SET OR TIED.
MM INDICATES DATA IS MISSING.
T  INDICATES TRACE AMOUNT.




$$
