000
CDUS42 KILM 060840
CLIFLO


CLIMATE REPORT
NATIONAL WEATHER SERVICE WILMINGTON NC
440 AM EDT WED MAY 6 2015


...................................

...THE FLORENCE SC CLIMATE SUMMARY FOR MAY 5 2015...

CLIMATE NORMAL PERIOD 1981 TO 2010
CLIMATE RECORD PERIOD 1948 TO 2015


WEATHER ITEM   OBSERVED TIME   RECORD YEAR NORMAL DEPARTURE LAST
                VALUE   (LST)  VALUE       VALUE  FROM      YEAR
                                                  NORMAL
..................................................................
TEMPERATURE (F)
 YESTERDAY
  MAXIMUM         84    318 PM  93    1981  80      4       92
  MINIMUM         54    559 AM  41    1997  56     -2       58
  AVERAGE         69                        68      1       75

PRECIPITATION (IN)
  YESTERDAY        0.00          2.25 2006   0.09  -0.09     0.00
  MONTH TO DATE    T                         0.44  -0.44     0.02
  SINCE MAR 1      6.80                      6.39   0.41     9.04
  SINCE JAN 1     13.73                     12.54   1.19    14.76

DEGREE DAYS
 HEATING
  YESTERDAY        0                         1     -1        0
  MONTH TO DATE    1                         9     -8        2
  SINCE MAR 1    306                       443   -137      533
  SINCE JUL 1   2544                      2509     35     2662

 COOLING
  YESTERDAY        4                         5     -1       10
  MONTH TO DATE    9                        21    -12       22
  SINCE MAR 1    123                       111     12      115
  SINCE JAN 1    126                       117      9      121
..................................................................


WIND (MPH)
  HIGHEST WIND SPEED    15   HIGHEST WIND DIRECTION    SE (150)
  HIGHEST GUST SPEED    20   HIGHEST GUST DIRECTION     E (100)
  AVERAGE WIND SPEED     4.6


SKY COVER
  POSSIBLE SUNSHINE  MM
  AVERAGE SKY COVER 0.1


WEATHER CONDITIONS
 THE FOLLOWING WEATHER WAS RECORDED YESTERDAY.
  NO SIGNIFICANT WEATHER WAS OBSERVED.


RELATIVE HUMIDITY (PERCENT)
 HIGHEST    93           400 AM
 LOWEST     34           300 PM
 AVERAGE    64

..........................................................


THE FLORENCE SC CLIMATE NORMALS FOR TODAY
                         NORMAL    RECORD    YEAR
 MAXIMUM TEMPERATURE (F)   81        97      1952
 MINIMUM TEMPERATURE (F)   56        45      2005
                                             1987


SUNRISE AND SUNSET
MAY  6 2015...........SUNRISE   625 AM EDT   SUNSET   807 PM EDT
MAY  7 2015...........SUNRISE   624 AM EDT   SUNSET   807 PM EDT


-  INDICATES NEGATIVE NUMBERS.
R  INDICATES RECORD WAS SET OR TIED.
MM INDICATES DATA IS MISSING.
T  INDICATES TRACE AMOUNT.




$$
