000
CDUS42 KTBW 172116
CLIFMY


CLIMATE REPORT
NATIONAL WEATHER SERVICE TAMPA BAY FL
514 PM EDT FRI APR 17 2015


...................................

...THE FORT MYERS CLIMATE SUMMARY FOR APRIL 17 2015...
VALID TODAY AS OF 0500 PM LOCAL TIME.

CLIMATE NORMAL PERIOD 1981 TO 2010
CLIMATE RECORD PERIOD 1902 TO 2015


WEATHER ITEM   OBSERVED TIME   RECORD YEAR NORMAL DEPARTURE LAST
                VALUE   (LST)  VALUE       VALUE  FROM      YEAR
                                                  NORMAL
..................................................................
TEMPERATURE (F)
 TODAY
  MAXIMUM         86    359 PM  94    1944  85      1       89
  MINIMUM         70    559 AM  45    1962  63      7       68
  AVERAGE         78                        74      4       79

PRECIPITATION (IN)
  TODAY            0.00          1.82 1942   0.07  -0.07     0.01
  MONTH TO DATE    0.25                      1.28  -1.03     0.93
  SINCE MAR 1      1.74                      4.16  -2.42     4.12
  SINCE JAN 1      4.93                      8.25  -3.32     7.56

DEGREE DAYS
 HEATING
  TODAY            0                         0      0        0
  MONTH TO DATE    0                         0      0        0
  SINCE MAR 1      0                        24    -24        9
  SINCE JUL 1    231                       284    -53      178

 COOLING
  TODAY           13                         9      4       14
  MONTH TO DATE  218                       137     81      159
  SINCE MAR 1    523                       313    210      320
  SINCE JAN 1    671                       498    173      581
..................................................................


WIND (MPH)
  RESULTANT WIND SPEED   4   RESULTANT WIND DIRECTION   S (170)
  HIGHEST WIND SPEED    14   HIGHEST WIND DIRECTION    SW (220)
  HIGHEST GUST SPEED    17   HIGHEST GUST DIRECTION    SW (240)
  AVERAGE WIND SPEED     6.8


SKY COVER
  POSSIBLE SUNSHINE  MM
  AVERAGE SKY COVER 0.1


WEATHER CONDITIONS
 THE FOLLOWING WEATHER WAS RECORDED TODAY.
  NO SIGNIFICANT WEATHER WAS OBSERVED.


RELATIVE HUMIDITY (PERCENT)
 HIGHEST   100           600 AM
 LOWEST     55           200 PM

..........................................................


THE FORT MYERS CLIMATE NORMALS FOR TOMORROW
                         NORMAL    RECORD    YEAR
 MAXIMUM TEMPERATURE (F)   85        95      1944
 MINIMUM TEMPERATURE (F)   63        49      1956


SUNRISE AND SUNSET
APRIL 17 2015.........SUNRISE   702 AM EDT   SUNSET   752 PM EDT
APRIL 18 2015.........SUNRISE   701 AM EDT   SUNSET   753 PM EDT


-  INDICATES NEGATIVE NUMBERS.
R  INDICATES RECORD WAS SET OR TIED.
MM INDICATES DATA IS MISSING.
T  INDICATES TRACE AMOUNT.




$$


&&
------------------------------------------------------------------
******************** SUPPLEMENTAL DATA ***************************

...GULF WATER TEMPERATURE AT FORT MYERS BEACH 84
