000
CDUS43 KIWX 070526
CLIFWA


CLIMATE REPORT
NATIONAL WEATHER SERVICE NORTHERN INDIANA
126 AM EDT THU MAY 7 2015


...................................

...THE FORT WAYNE CLIMATE SUMMARY FOR MAY 6 2015...

CLIMATE NORMAL PERIOD 1981 TO 2010
CLIMATE RECORD PERIOD 1897 TO 2015


WEATHER ITEM   OBSERVED TIME   RECORD YEAR NORMAL DEPARTURE LAST
                VALUE   (LST)  VALUE       VALUE  FROM      YEAR
                                                  NORMAL
..................................................................
TEMPERATURE (F)
 YESTERDAY
  MAXIMUM         83    425 PM  88    1959  69     14       68
                                      1949
  MINIMUM         52    652 AM  30    1968  46      6       38
  AVERAGE         68                        57     11       53

PRECIPITATION (IN)
  YESTERDAY        0.00          0.95 1948   0.11  -0.11     0.00
  MONTH TO DATE    0.35                      0.67  -0.32     0.01
  SINCE MAR 1      5.70                      6.90  -1.20     5.90
  SINCE JAN 1      9.47                     11.20  -1.73    12.14

SNOWFALL (IN)
  YESTERDAY        0.0           T    1989   0.0    0.0      0.0
                                      1958
  MONTH TO DATE    0.0                       0.0    0.0      0.0
  SINCE MAR 1      8.6                       5.1    3.5     14.3
  SINCE JUL 1     45.1                      33.5   11.6     76.1
  SNOW DEPTH       0

DEGREE DAYS
 HEATING
  YESTERDAY        0                         8     -8       12
  MONTH TO DATE   16                        55    -39       82
  SINCE MAR 1   1405                      1339     66     1598
  SINCE JUL 1   6554                      5937    617     6851

 COOLING
  YESTERDAY        3                         1      2        0
  MONTH TO DATE    5                         2      3        0
  SINCE MAR 1      5                        10     -5        1
  SINCE JAN 1      5                        10     -5        1
..................................................................


WIND (MPH)
  HIGHEST WIND SPEED    15   HIGHEST WIND DIRECTION     E (80)
  HIGHEST GUST SPEED    17   HIGHEST GUST DIRECTION     E (80)
  AVERAGE WIND SPEED     6.1


SKY COVER
  AVERAGE SKY COVER 0.6


WEATHER CONDITIONS
 THE FOLLOWING WEATHER WAS RECORDED YESTERDAY.
  FOG
  FOG W/VISIBILITY <= 1/4 MILE
  HAZE


RELATIVE HUMIDITY (PERCENT)
 HIGHEST   100           400 AM
 LOWEST     47           400 PM
 AVERAGE    74

..........................................................


THE FORT WAYNE CLIMATE NORMALS FOR TODAY
                         NORMAL    RECORD    YEAR
 MAXIMUM TEMPERATURE (F)   69        87      1926
 MINIMUM TEMPERATURE (F)   46        28      1989


SUNRISE AND SUNSET
MAY  7 2015...........SUNRISE   632 AM EDT   SUNSET   844 PM EDT
MAY  8 2015...........SUNRISE   631 AM EDT   SUNSET   845 PM EDT


-  INDICATES NEGATIVE NUMBERS.
R  INDICATES RECORD WAS SET OR TIED.
MM INDICATES DATA IS MISSING.
T  INDICATES TRACE AMOUNT.




$$
