000
CDUS41 KPHI 180626
CLIGED


CLIMATE REPORT
NATIONAL WEATHER SERVICE MOUNT HOLLY NJ
226 AM EDT SAT APR 18 2015


...................................

...THE GEORGETOWN DE CLIMATE SUMMARY FOR APRIL 17 2015...

CLIMATE NORMAL PERIOD 1981 TO 2010
CLIMATE RECORD PERIOD 1948 TO 2015


WEATHER ITEM   OBSERVED TIME   RECORD YEAR NORMAL DEPARTURE LAST
                VALUE   (LST)  VALUE       VALUE  FROM      YEAR
                                                  NORMAL
..................................................................
TEMPERATURE (F)
 YESTERDAY
  MAXIMUM         75    444 PM  94    2002  65     10       50
  MINIMUM         53   1203 AM  29    2005  44      9       31
                                      1966
  AVERAGE         64                        54     10       41

PRECIPITATION (IN)
  YESTERDAY        0.15          1.51 1954   0.11   0.04     0.00
  MONTH TO DATE    1.67                      2.24  -0.57     1.99
  SINCE MAR 1      5.44                      6.29  -0.85     5.35
  SINCE JAN 1     12.27                     12.00   0.27    12.53

SNOWFALL (IN)
  YESTERDAY       MM            MM      MM  MM     MM       MM
  MONTH TO DATE   MM                        MM     MM       MM
  SINCE MAR 1     MM                        MM     MM       MM
  SINCE JUL 1     MM                        MM     MM       MM
  SNOW DEPTH      MM

DEGREE DAYS
 HEATING
  YESTERDAY        1                        11    -10       24
  MONTH TO DATE  188                       227    -39      190
  SINCE MAR 1    941                       859     82      930
  SINCE JUL 1   4429                      4139    290     4285

 COOLING
  YESTERDAY        0                         1     -1        0
  MONTH TO DATE    2                         7     -5       12
  SINCE MAR 1      2                         9     -7       12
  SINCE JAN 1      2                         9     -7       12
..................................................................


WIND (MPH)
  HIGHEST WIND SPEED    25   HIGHEST WIND DIRECTION    SW (210)
  HIGHEST GUST SPEED    34   HIGHEST GUST DIRECTION    SW (220)
  AVERAGE WIND SPEED     7.9


SKY COVER
  POSSIBLE SUNSHINE  MM
  AVERAGE SKY COVER 0.7


WEATHER CONDITIONS
 THE FOLLOWING WEATHER WAS RECORDED YESTERDAY.
  RAIN
  FOG


RELATIVE HUMIDITY (PERCENT)
 HIGHEST    93           200 AM
 LOWEST     57           500 PM
 AVERAGE    75

..........................................................


THE GEORGETOWN DE CLIMATE NORMALS FOR TODAY
                         NORMAL    RECORD    YEAR
 MAXIMUM TEMPERATURE (F)   65        90      1976
 MINIMUM TEMPERATURE (F)   44        27      1996


SUNRISE AND SUNSET
APRIL 18 2015.........SUNRISE   621 AM EDT   SUNSET   741 PM EDT
APRIL 19 2015.........SUNRISE   620 AM EDT   SUNSET   742 PM EDT


-  INDICATES NEGATIVE NUMBERS.
R  INDICATES RECORD WAS SET OR TIED.
MM INDICATES DATA IS MISSING.
T  INDICATES TRACE AMOUNT.




$$
