000
CDUS46 KOTX 270821
CLIGEG


CLIMATE REPORT
NATIONAL WEATHER SERVICE SPOKANE, WA
120 AM PDT MON APR 27 2015


...................................

...THE SPOKANE WA AIRPORT CLIMATE SUMMARY FOR APRIL 26 2015...

CLIMATE NORMAL PERIOD 1981 TO 2010
CLIMATE RECORD PERIOD 1881 TO 2015


WEATHER ITEM   OBSERVED TIME   RECORD YEAR NORMAL DEPARTURE LAST
                VALUE   (LST)  VALUE       VALUE  FROM      YEAR
                                                  NORMAL
..................................................................
TEMPERATURE (F)
 YESTERDAY
  MAXIMUM         58    341 PM  81    1926  60     -2       54
  MINIMUM         33    627 AM  27    1950  38     -5       37
  AVERAGE         46                        49     -3       46

PRECIPITATION (IN)
  YESTERDAY        0.00          0.41 2011   0.04  -0.04      T
  MONTH TO DATE    0.52                      1.13  -0.61     1.02
  SINCE OCT 1     10.63                     11.64  -1.01     9.05
  SINCE JAN 1      5.90                      5.86   0.04     6.72

SNOWFALL (IN)
  YESTERDAY        0.0           0.1  1970   0.1   -0.1      0.0
  MONTH TO DATE    1.0                       1.0    0.0      0.0
  SINCE MAR 1      1.9                       4.5   -2.6      5.8
  SINCE JUL 1     17.6                      44.8  -27.2     37.6
  SNOW DEPTH       0

DEGREE DAYS
 HEATING
  YESTERDAY       19                        16      3       19
  MONTH TO DATE  476                       480     -4      470
  SINCE MAR 1   1073                      1247   -174     1250
  SINCE JUL 1   5195                      6076   -881     6293

 COOLING
  YESTERDAY        0                         0      0        0
  MONTH TO DATE    0                         0      0        0
  SINCE MAR 1      0                         0      0        0
  SINCE JAN 1      0                         0      0        0
..................................................................


WIND (MPH)
  HIGHEST WIND SPEED    13   HIGHEST WIND DIRECTION     W (260)
  HIGHEST GUST SPEED    19   HIGHEST GUST DIRECTION     W (270)
  AVERAGE WIND SPEED     3.7


SKY COVER
  POSSIBLE SUNSHINE  MM
  AVERAGE SKY COVER 0.6


WEATHER CONDITIONS
 THE FOLLOWING WEATHER WAS RECORDED YESTERDAY.
  FOG
  FOG W/VISIBILITY <= 1/4 MILE
  HAZE


RELATIVE HUMIDITY (PERCENT)
 HIGHEST   100           300 AM
 LOWEST     32           400 PM
 AVERAGE    66

..........................................................


THE SPOKANE WA AIRPORT CLIMATE NORMALS FOR TODAY
                         NORMAL    RECORD    YEAR
 MAXIMUM TEMPERATURE (F)   61        86      1987
 MINIMUM TEMPERATURE (F)   39        25      1970


SUNRISE AND SUNSET
APRIL 27 2015.........SUNRISE   540 AM PDT   SUNSET   757 PM PDT
APRIL 28 2015.........SUNRISE   538 AM PDT   SUNSET   758 PM PDT


-  INDICATES NEGATIVE NUMBERS.
R  INDICATES RECORD WAS SET OR TIED.
MM INDICATES DATA IS MISSING.
T  INDICATES TRACE AMOUNT.




$$
