000
CDUS45 KRIW 300743
CLIGEY


CLIMATE REPORT
NATIONAL WEATHER SERVICE RIVERTON WY
128 AM MDT MON MAR 30 2015


...................................

...THE GREYBULL WY CLIMATE SUMMARY FOR MARCH 29 2015...

CLIMATE NORMAL PERIOD 1981 TO 2010
CLIMATE RECORD PERIOD 1998 TO 2015


WEATHER ITEM   OBSERVED TIME   RECORD YEAR NORMAL DEPARTURE LAST
                VALUE   (LST)  VALUE       VALUE  FROM      YEAR
                                                  NORMAL
..................................................................
TEMPERATURE (F)
 YESTERDAY
  MAXIMUM         64    417 PM  67    2014  56      8       67
                                      2010
  MINIMUM         33    620 AM  20    1999  27      6       37
  AVERAGE         49                        41      8       52

PRECIPITATION (IN)
  YESTERDAY        0.00          0.06 2007   0.02  -0.02     0.00
  MONTH TO DATE    0.14                      0.36  -0.22     0.17
  SINCE MAR 1      0.14                      0.36  -0.22     0.17
  SINCE JAN 1      0.40                      0.77  -0.37     0.43

DEGREE DAYS
 HEATING
  YESTERDAY       16                        24     -8       13
  MONTH TO DATE  682                       825   -143      852
  SINCE MAR 1    682                       825   -143      852
  SINCE JUL 1   6326                      6796   -470     6739

 COOLING
  YESTERDAY        0                         0      0        0
  MONTH TO DATE    0                         0      0        0
  SINCE MAR 1      0                         0      0        0
  SINCE JAN 1      0                         0      0        0
..................................................................


WIND (MPH)
  HIGHEST WIND SPEED    26   HIGHEST WIND DIRECTION     N (340)
  HIGHEST GUST SPEED    34   HIGHEST GUST DIRECTION    NW (330)
  AVERAGE WIND SPEED     6.7


SKY COVER
  POSSIBLE SUNSHINE  MM
  AVERAGE SKY COVER 0.0


WEATHER CONDITIONS
 THE FOLLOWING WEATHER WAS RECORDED YESTERDAY.
  NO SIGNIFICANT WEATHER WAS OBSERVED.


RELATIVE HUMIDITY (PERCENT)
 HIGHEST    48           600 AM
 LOWEST     16           400 PM
 AVERAGE    32

..........................................................


THE GREYBULL WY CLIMATE NORMALS FOR TODAY
                         NORMAL    RECORD    YEAR
 MAXIMUM TEMPERATURE (F)   56        77      2004
 MINIMUM TEMPERATURE (F)   28        18      2008


SUNRISE AND SUNSET
MARCH 30 2015.........SUNRISE   657 AM MDT   SUNSET   737 PM MDT
MARCH 31 2015.........SUNRISE   655 AM MDT   SUNSET   738 PM MDT


-  INDICATES NEGATIVE NUMBERS.
R  INDICATES RECORD WAS SET OR TIED.
MM INDICATES DATA IS MISSING.
T  INDICATES TRACE AMOUNT.




$$
