000
CDUS45 KRIW 070033
CLIGEY


CLIMATE REPORT
NATIONAL WEATHER SERVICE RIVERTON WY
632 PM MDT WED MAY 6 2015


...................................

...THE GREYBULL WY CLIMATE SUMMARY FOR MAY 6 2015...
VALID TODAY AS OF 0500 PM LOCAL TIME.

CLIMATE NORMAL PERIOD 1981 TO 2010
CLIMATE RECORD PERIOD 1998 TO 2015


WEATHER ITEM   OBSERVED TIME   RECORD YEAR NORMAL DEPARTURE LAST
                VALUE   (LST)  VALUE       VALUE  FROM      YEAR
                                                  NORMAL
..................................................................
TEMPERATURE (F)
 TODAY
  MAXIMUM         60   1200 AM  81    2004  67     -7       64
  MINIMUM         48        MM  28    2010  39      9       44
  AVERAGE         54

PRECIPITATION (IN)
  TODAY            0.09          0.18 2010   0.03   0.06      T
  MONTH TO DATE    0.09                      0.17  -0.08      T
  SINCE MAR 1      0.34                      1.28  -0.94     0.89
  SINCE JAN 1      0.60                      1.69  -1.09     1.15

DEGREE DAYS
 HEATING
  TODAY           11                        12     -1       11
  MONTH TO DATE   32                        77    -45       55
  SINCE MAR 1   1233                      1505   -272     1514
  SINCE JUL 1   6877                      7476   -599     7401

 COOLING
  TODAY            0                         0      0        0
  MONTH TO DATE    0                         0      0        0
  SINCE MAR 1      0                         1     -1        0
  SINCE JAN 1      0                         1     -1        0
..................................................................


WIND (MPH)
  HIGHEST WIND SPEED    29   HIGHEST WIND DIRECTION    NW (330)
  HIGHEST GUST SPEED    36   HIGHEST GUST DIRECTION    NW (330)
  AVERAGE WIND SPEED    20.3


SKY COVER
  POSSIBLE SUNSHINE  MM
  AVERAGE SKY COVER 1.0


WEATHER CONDITIONS
 THE FOLLOWING WEATHER WAS RECORDED TODAY.
  LIGHT RAIN


RELATIVE HUMIDITY (PERCENT)
 HIGHEST    89           400 AM
 LOWEST     43           400 PM
 AVERAGE    66

..........................................................


THE GREYBULL WY CLIMATE NORMALS FOR TOMORROW
                         NORMAL    RECORD    YEAR
 MAXIMUM TEMPERATURE (F)   68        84      2004
 MINIMUM TEMPERATURE (F)   40        27      2010


SUNRISE AND SUNSET
MAY  6 2015...........SUNRISE   556 AM MDT   SUNSET   823 PM MDT
MAY  7 2015...........SUNRISE   555 AM MDT   SUNSET   824 PM MDT


-  INDICATES NEGATIVE NUMBERS.
R  INDICATES RECORD WAS SET OR TIED.
MM INDICATES DATA IS MISSING.
T  INDICATES TRACE AMOUNT.




$$
