000
CDUS43 KIND 030532
CLIGEZ


CLIMATE REPORT
NATIONAL WEATHER SERVICE INDIANAPOLIS IN
132 AM EDT SUN MAY 3 2015


...................................

...THE SHELBYVILLE IN CLIMATE SUMMARY FOR MAY 2 2015...

CLIMATE NORMAL PERIOD 1981 TO 2010
CLIMATE RECORD PERIOD 9999 TO 9999


WEATHER ITEM   OBSERVED TIME   NORMAL DEPARTURE LAST
                VALUE   (LST)  VALUE  FROM      YEAR
                                      NORMAL
......................................................
TEMPERATURE (F)
 YESTERDAY
  MAXIMUM         76    545 PM  69      7       56
  MINIMUM         49    604 AM  48      1       45
  AVERAGE         63            58      5       51

PRECIPITATION (IN)
  YESTERDAY        0.00          0.19  -0.19      T
  MONTH TO DATE    0.00          0.38  -0.38      T
  SINCE MAR 1      8.53          8.13   0.40     7.46
  SINCE JAN 1     11.55         12.88  -1.33    11.34

DEGREE DAYS
 HEATING
  YESTERDAY        2             7     -5       14
  MONTH TO DATE   10            15     -5       28
  SINCE MAR 1   1064          1112    -48     1129
  SINCE JUL 1   5505          5275    230     5627

 COOLING
  YESTERDAY        0             1     -1        0
  MONTH TO DATE    0             2     -2        0
  SINCE MAR 1      8            15     -7       10
  SINCE JAN 1      8            15     -7       10
......................................................


WIND (MPH)
  HIGHEST WIND SPEED    14   HIGHEST WIND DIRECTION    SW (210)
  HIGHEST GUST SPEED    21   HIGHEST GUST DIRECTION     S (170)
  AVERAGE WIND SPEED     4.4


SKY COVER
  AVERAGE SKY COVER 0.2


WEATHER CONDITIONS
 THE FOLLOWING WEATHER WAS RECORDED YESTERDAY.
  NO SIGNIFICANT WEATHER WAS OBSERVED.


RELATIVE HUMIDITY (PERCENT)
 HIGHEST    80           500 AM
 LOWEST     33           200 PM
 AVERAGE    57

..........................................................


THE SHELBYVILLE IN CLIMATE NORMALS FOR TODAY
                         NORMAL
 MAXIMUM TEMPERATURE (F)   69
 MINIMUM TEMPERATURE (F)   48


SUNRISE AND SUNSET
MAY  3 2015...........SUNRISE   642 AM EDT   SUNSET   839 PM EDT
MAY  4 2015...........SUNRISE   641 AM EDT   SUNSET   840 PM EDT


-  INDICATES NEGATIVE NUMBERS.
R  INDICATES RECORD WAS SET OR TIED.
MM INDICATES DATA IS MISSING.
T  INDICATES TRACE AMOUNT.




$$
