000
CDUS45 KGJT 260754
CLIGJT


CLIMATE REPORT
NATIONAL WEATHER SERVICE GRAND JUNCTION CO
130 AM MDT SUN APR 26 2015


...................................

...THE GRAND JUNCTION CO CLIMATE SUMMARY FOR APRIL 25 2015...

CLIMATE NORMAL PERIOD 1981 TO 2010
CLIMATE RECORD PERIOD 1893 TO 2015


WEATHER ITEM   OBSERVED TIME   RECORD YEAR NORMAL DEPARTURE LAST
                VALUE   (LST)  VALUE       VALUE  FROM      YEAR
                                                  NORMAL
..................................................................
TEMPERATURE (F)
 YESTERDAY
  MAXIMUM         58    227 PM  85    1946  68    -10       76
  MINIMUM         41    758 AM  27    1960  41      0       44
  AVERAGE         50                        55     -5       60

PRECIPITATION (IN)
  YESTERDAY        0.46          0.51 1957   0.03   0.43     0.00
  MONTH TO DATE    1.62                      0.77   0.85     0.64
  SINCE MAR 1      1.89                      1.69   0.20     0.74
  SINCE JAN 1      2.75                      2.81  -0.06     2.12

SNOWFALL (IN)
  YESTERDAY        0.0           1.5  1924   0.0    0.0      0.0
  MONTH TO DATE    2.0                       0.8    1.2       T
  SINCE MAR 1      3.9                       3.4    0.5       T
  SINCE JUL 1     12.5                      18.9   -6.4     25.7
  SNOW DEPTH       0

DEGREE DAYS
 HEATING
  YESTERDAY       15                        11      4        5
  MONTH TO DATE  389                       354     35      357
  SINCE MAR 1    912                      1007    -95     1009
  SINCE JUL 1   4897                      5386   -489     5947

 COOLING
  YESTERDAY        0                         0      0        0
  MONTH TO DATE    0                         0      0        0
  SINCE MAR 1      0                         0      0        0
  SINCE JAN 1      0                         0      0        0
..................................................................


WIND (MPH)
  HIGHEST WIND SPEED    25   HIGHEST WIND DIRECTION     S (170)
  HIGHEST GUST SPEED    30   HIGHEST GUST DIRECTION     S (170)
  AVERAGE WIND SPEED     7.5


SKY COVER
  POSSIBLE SUNSHINE  MM
  AVERAGE SKY COVER 0.9


WEATHER CONDITIONS
 THE FOLLOWING WEATHER WAS RECORDED YESTERDAY.
  HEAVY RAIN
  RAIN
  LIGHT RAIN
  FOG


RELATIVE HUMIDITY (PERCENT)
 HIGHEST   100           800 AM
 LOWEST     47           200 PM
 AVERAGE    74

..........................................................


THE GRAND JUNCTION CO CLIMATE NORMALS FOR TODAY
                         NORMAL    RECORD    YEAR
 MAXIMUM TEMPERATURE (F)   69        84      1981
 MINIMUM TEMPERATURE (F)   41        28      1969


SUNRISE AND SUNSET
APRIL 26 2015.........SUNRISE   622 AM MDT   SUNSET   802 PM MDT
APRIL 27 2015.........SUNRISE   621 AM MDT   SUNSET   803 PM MDT


-  INDICATES NEGATIVE NUMBERS.
R  INDICATES RECORD WAS SET OR TIED.
MM INDICATES DATA IS MISSING.
T  INDICATES TRACE AMOUNT.




$$
