000
CDUS43 KGLD 040746
CLIGLD

CLIMATE REPORT
NATIONAL WEATHER SERVICE GOODLAND
143 AM MDT MON MAY 4 2015

...................................

...THE GOODLAND KS CLIMATE SUMMARY FOR MAY 3 2015...

CLIMATE NORMAL PERIOD 1981 TO 2010
CLIMATE RECORD PERIOD 1895 TO 2015

WEATHER ITEM   OBSERVED TIME   RECORD YEAR NORMAL DEPARTURE LAST
                VALUE   (LST)  VALUE       VALUE  FROM      YEAR
                                                  NORMAL
..................................................................
TEMPERATURE (F)
 YESTERDAY
  MAXIMUM         85    140 PM  93    1949  69     16       86
  MINIMUM         49    459 AM  22    1907  41      8       37
  AVERAGE         67                        55     12       62

PRECIPITATION (IN)
  YESTERDAY        0.00          1.45 1928   0.07  -0.07     0.00
  MONTH TO DATE    0.05                      0.22  -0.17     0.00
  SINCE MAR 1      5.00                      2.88   2.12     0.85
  SINCE JAN 1      6.08                      3.75   2.33     1.79

SNOWFALL (IN)
  YESTERDAY        0.0                       0.0    0.0      0.0
  MONTH TO DATE    0.0                       0.1   -0.1      0.0
  SINCE MAR 1      2.6                      11.1   -8.5      3.9
  SINCE JUL 1     24.7                      35.1  -10.4     29.1
  SNOW DEPTH       0

DEGREE DAYS
 HEATING
  YESTERDAY        0                        10    -10        3
  MONTH TO DATE    2                        32    -30       35
  SINCE MAR 1    963                      1270   -307     1240
  SINCE JUL 1   5178                      5687   -509     5784

 COOLING
  YESTERDAY        2                         1      1        0
  MONTH TO DATE    2                         1      1        0
  SINCE MAR 1      2                         5     -3        5
  SINCE JAN 1      2                         5     -3        5
..................................................................

WIND (MPH)
  HIGHEST WIND SPEED    29   HIGHEST WIND DIRECTION     W (260)
  HIGHEST GUST SPEED    38   HIGHEST GUST DIRECTION    SW (240)
  AVERAGE WIND SPEED     9.7

SKY COVER
  AVERAGE SKY COVER 0.1

WEATHER CONDITIONS
 THE FOLLOWING WEATHER WAS RECORDED YESTERDAY.
  THUNDERSTORM

RELATIVE HUMIDITY (PERCENT)
 HIGHEST    86
 LOWEST     18
 AVERAGE    52

..........................................................

THE GOODLAND KS CLIMATE NORMALS FOR TODAY
                         NORMAL    RECORD    YEAR
 MAXIMUM TEMPERATURE (F)   69        91      2012
                                             1986
                                             1965
 MINIMUM TEMPERATURE (F)   41        23      1907

SUNRISE AND SUNSET
MAY  4 2015...........SUNRISE   545 AM MDT   SUNSET   743 PM MDT
MAY  5 2015...........SUNRISE   544 AM MDT   SUNSET   744 PM MDT

-  INDICATES NEGATIVE NUMBERS.
R  INDICATES RECORD WAS SET OR TIED.
MM INDICATES DATA IS MISSING.
T  INDICATES TRACE AMOUNT.

&&

THE AVERAGE SOIL TEMPERATURE AT THE FOUR INCH DEPTH... 62

$$
