000
CDUS44 KJAN 020700
CLIGLH


CLIMATE REPORT
NATIONAL WEATHER SERVICE JACKSON MS
155 AM CDT THU APR 2 2015


...................................

...THE GREENVILLE CLIMATE SUMMARY FOR APRIL 1 2015...

CLIMATE NORMAL PERIOD 1981 TO 2010
CLIMATE RECORD PERIOD 1920 TO 2015


WEATHER ITEM   OBSERVED TIME   RECORD YEAR NORMAL DEPARTURE LAST
                VALUE   (LST)  VALUE       VALUE  FROM      YEAR
                                                  NORMAL
..................................................................
TEMPERATURE (F)
 YESTERDAY
  MAXIMUM         81    214 PM  90    1966  70     11       79
  MINIMUM         57    501 AM  29    1924  48      9       53
  AVERAGE         69                        59     10       66

PRECIPITATION (IN)
  YESTERDAY        0.00          5.75 2000   0.21  -0.21     0.00
  MONTH TO DATE    0.00                      0.21  -0.21     0.00
  SINCE MAR 1      4.61                      4.76  -0.15     5.51
  SINCE JAN 1     11.06                     14.75  -3.69     9.81

SNOWFALL (IN)
  YESTERDAY        0.0

DEGREE DAYS
 HEATING
  YESTERDAY        0                         7     -7        0
  MONTH TO DATE    0                         7     -7        0
  SINCE MAR 1    321                       343    -22      434
  SINCE JUL 1   2808                      2652    156     3041

 COOLING
  YESTERDAY        4                         1      3        1
  MONTH TO DATE    4                         1      3        1
  SINCE MAR 1     11                        18     -7        6
  SINCE JAN 1     11                        23    -12        6
..................................................................


WIND (MPH)
  HIGHEST WIND SPEED    21   HIGHEST WIND DIRECTION     S (190)
  HIGHEST GUST SPEED    27   HIGHEST GUST DIRECTION     S (180)
  AVERAGE WIND SPEED     9.0


SKY COVER
  POSSIBLE SUNSHINE  MM
  AVERAGE SKY COVER 0.4


WEATHER CONDITIONS
 THE FOLLOWING WEATHER WAS RECORDED YESTERDAY.
  FOG
  HAZE


RELATIVE HUMIDITY (PERCENT)
 HIGHEST    93           100 AM
 LOWEST     54           200 PM
 AVERAGE    74

..........................................................


THE GREENVILLE CLIMATE NORMALS FOR TODAY
                         NORMAL    RECORD    YEAR
 MAXIMUM TEMPERATURE (F)   70        89      1963
 MINIMUM TEMPERATURE (F)   48        31      1924


SUNRISE AND SUNSET
APRIL  2 2015.........SUNRISE   651 AM CDT   SUNSET   725 PM CDT
APRIL  3 2015.........SUNRISE   649 AM CDT   SUNSET   726 PM CDT


-  INDICATES NEGATIVE NUMBERS.
R  INDICATES RECORD WAS SET OR TIED.
MM INDICATES DATA IS MISSING.
T  INDICATES TRACE AMOUNT.




$$
