000
CDUS42 KJAX 192133
CLIGNV


CLIMATE REPORT
NATIONAL WEATHER SERVICE JACKSONVILLE FL
533 PM EDT SUN APR 19 2015


...................................

...THE GAINESVILLE CLIMATE SUMMARY FOR APRIL 19 2015...
VALID TODAY AS OF 0500 PM LOCAL TIME.

CLIMATE NORMAL PERIOD 1981 TO 2010
CLIMATE RECORD PERIOD 1890 TO 2015


WEATHER ITEM   OBSERVED TIME   RECORD YEAR NORMAL DEPARTURE LAST
                VALUE   (LST)  VALUE       VALUE  FROM      YEAR
                                                  NORMAL
..................................................................
TEMPERATURE (F)
 TODAY
  MAXIMUM         86    226 PM  94    2011  81      5       73
  MINIMUM         69    619 AM  34    2001  55     14       59
  AVERAGE         78                        68     10       66

PRECIPITATION (IN)
  TODAY            T             4.70 1900   0.09  -0.09      T
  MONTH TO DATE    1.26                      1.81  -0.55     1.37
  SINCE MAR 1      2.43                      6.14  -3.71     6.87
  SINCE JAN 1      7.69                     12.65  -4.96    16.44

SNOWFALL (IN)
  TODAY            0.0           0.0    MM   0.0    0.0      0.0
  MONTH TO DATE    0.0                       0.0    0.0      0.0
  SINCE MAR 1      0.0                       0.0    0.0      0.0
  SINCE JUL 1      0.0                       0.0    0.0      0.0
  SNOW DEPTH       0

DEGREE DAYS
 HEATING
  TODAY            0                         1     -1        0
  MONTH TO DATE    0                        34    -34       15
  SINCE MAR 1     60                       171   -111      178
  SINCE JUL 1   1211                      1205      6     1088

 COOLING
  TODAY           13                         4      9        1
  MONTH TO DATE  163                        63    100       63
  SINCE MAR 1    302                       117    185       88
  SINCE JAN 1    317                       149    168      125
..................................................................


WIND (MPH)
  HIGHEST WIND SPEED    25   HIGHEST WIND DIRECTION     W (260)
  HIGHEST GUST SPEED    34   HIGHEST GUST DIRECTION    NW (300)
  AVERAGE WIND SPEED     7.1


SKY COVER
  POSSIBLE SUNSHINE  MM
  AVERAGE SKY COVER 0.2


WEATHER CONDITIONS
 THE FOLLOWING WEATHER WAS RECORDED TODAY.
  THUNDERSTORM
  FOG


RELATIVE HUMIDITY (PERCENT)
 HIGHEST   100           200 AM
 LOWEST     51          1200 PM
 AVERAGE    76

..........................................................


THE GAINESVILLE CLIMATE NORMALS FOR TOMORROW
                         NORMAL    RECORD    YEAR
 MAXIMUM TEMPERATURE (F)   81        94      1892
 MINIMUM TEMPERATURE (F)   56        41      1936


SUNRISE AND SUNSET
APRIL 19 2015.........SUNRISE   659 AM EDT   SUNSET   758 PM EDT
APRIL 20 2015.........SUNRISE   658 AM EDT   SUNSET   759 PM EDT


-  INDICATES NEGATIVE NUMBERS.
R  INDICATES RECORD WAS SET OR TIED.
MM INDICATES DATA IS MISSING.
T  INDICATES TRACE AMOUNT.




$$
