000
CDUS42 KRAH 210531
CLIGSO


CLIMATE REPORT
NATIONAL WEATHER SERVICE RALEIGH NC
130 AM EDT TUE APR 21 2015


...................................

...THE PIEDMONT TRIAD INTL AIRPORT NC CLIMATE SUMMARY FOR APRIL 20 2015...

CLIMATE NORMAL PERIOD 1981 TO 2010
CLIMATE RECORD PERIOD 1903 TO 2015


WEATHER ITEM   OBSERVED TIME   RECORD YEAR NORMAL DEPARTURE LAST
                VALUE   (LST)  VALUE       VALUE  FROM      YEAR
                                                  NORMAL
..................................................................
TEMPERATURE (F)
 YESTERDAY
  MAXIMUM         76   1231 PM  94    1917  72      4       69
  MINIMUM         61   1159 PM  28    1983  49     12       49
  AVERAGE         69                        60      9       59

PRECIPITATION (IN)
  YESTERDAY        T             1.38 1918   0.13  -0.13     0.00
  MONTH TO DATE    2.33                      2.41  -0.08     3.91
  SINCE MAR 1      5.05                      6.14  -1.09     8.27
  SINCE JAN 1      9.73                     12.16  -2.43    14.49

SNOWFALL (IN)
  YESTERDAY        0.0           T    2008   0.0    0.0      0.0
  MONTH TO DATE    0.0                       0.1   -0.1      0.0
  SINCE MAR 1      T                         0.9   -0.9      4.7
  SINCE JUL 1      9.6                       7.6    2.0     15.3
  SNOW DEPTH       0

DEGREE DAYS
 HEATING
  YESTERDAY        0                         6     -6        6
  MONTH TO DATE   68                       169   -101      146
  SINCE MAR 1    496                       639   -143      773
  SINCE JUL 1   3581                      3494     87     3750

 COOLING
  YESTERDAY        4                         1      3        0
  MONTH TO DATE   35                        19     16       15
  SINCE MAR 1     37                        24     13       15
  SINCE JAN 1     37                        24     13       15
..................................................................


WIND (MPH)
  HIGHEST WIND SPEED    28   HIGHEST WIND DIRECTION    SW (210)
  HIGHEST GUST SPEED    44   HIGHEST GUST DIRECTION    SW (210)
  AVERAGE WIND SPEED    13.1


SKY COVER
  POSSIBLE SUNSHINE  MM
  AVERAGE SKY COVER 0.8


WEATHER CONDITIONS
 THE FOLLOWING WEATHER WAS RECORDED YESTERDAY.
  NO SIGNIFICANT WEATHER WAS OBSERVED.


RELATIVE HUMIDITY (PERCENT)
 HIGHEST    93          1200 AM
 LOWEST     53           500 PM
 AVERAGE    73

..........................................................


THE PIEDMONT TRIAD INTL AIRPORT NC CLIMATE NORMALS FOR TODAY
                         NORMAL    RECORD    YEAR
 MAXIMUM TEMPERATURE (F)   72        93      1917
 MINIMUM TEMPERATURE (F)   49        27      1956


SUNRISE AND SUNSET
APRIL 21 2015.........SUNRISE   639 AM EDT   SUNSET   758 PM EDT
APRIL 22 2015.........SUNRISE   638 AM EDT   SUNSET   759 PM EDT


-  INDICATES NEGATIVE NUMBERS.
R  INDICATES RECORD WAS SET OR TIED.
MM INDICATES DATA IS MISSING.
T  INDICATES TRACE AMOUNT.




$$
