000
CDUS43 KGLD 210059 RRA
CLIHLC

CLIMATE REPORT
NATIONAL WEATHER SERVICE GOODLAND
655 PM MDT MON APR 20 2015

...................................

...THE HILL CITY KS CLIMATE SUMMARY FOR APRIL 20 2015...
VALID TODAY AS OF 0600 PM LOCAL TIME.

CLIMATE NORMAL PERIOD 1981 TO 2010
CLIMATE RECORD PERIOD 1896 TO 2015


WEATHER ITEM   OBSERVED TIME   RECORD YEAR NORMAL DEPARTURE LAST
                VALUE   (LST)  VALUE       VALUE  FROM      YEAR
                                                  NORMAL
..................................................................
TEMPERATURE (F)
 TODAY
  MAXIMUM         61    459 PM  92    1910  67     -6       80
  MINIMUM         33    614 AM  20    1953  39     -6       53
  AVERAGE         47                        53     -6       67

PRECIPITATION (IN)
  TODAY            0.00                      0.09  -0.09     1.65
  MONTH TO DATE    3.12                      1.27   1.85     2.00
  SINCE MAR 1      3.18                      2.90   0.28     2.19
  SINCE JAN 1      3.60                      3.87  -0.27     2.65

..................................................................


THE HILL CITY KS CLIMATE NORMALS FOR TOMORROW
                         NORMAL    RECORD    YEAR
 MAXIMUM TEMPERATURE (F)   67        93      1980
 MINIMUM TEMPERATURE (F)   40        23      1982
                                             1966

-  INDICATES NEGATIVE NUMBERS.
R  INDICATES RECORD WAS SET OR TIED.
MM INDICATES DATA IS MISSING.
T  INDICATES TRACE AMOUNT.


$$
