000
CDUS45 KTFX 032256
CLIHLN


CLIMATE REPORT
NATIONAL WEATHER SERVICE GREAT FALLS MT
456 PM MDT SUN MAY 3 2015


...................................

...THE HELENA MT CLIMATE SUMMARY FOR MAY 3 2015...
VALID TODAY AS OF 0400 PM LOCAL TIME.

CLIMATE NORMAL PERIOD 1981 TO 2010
CLIMATE RECORD PERIOD 1866 TO 2015


WEATHER ITEM   OBSERVED TIME   RECORD YEAR NORMAL DEPARTURE LAST
                VALUE   (LST)  VALUE       VALUE  FROM      YEAR
                                                  NORMAL
..................................................................
TEMPERATURE (F)
 TODAY
  MAXIMUM         69    259 PM  84    1966  63      6       54
  MINIMUM         37    541 AM  23    1967  37      0       39
  AVERAGE         53                        50      3       47

PRECIPITATION (IN)
  TODAY            0.00          2.06 1964   0.04  -0.04     0.00
  MONTH TO DATE    0.00                      0.12  -0.12     0.00
  SINCE OCT 1      3.98                      3.92   0.06     5.20
  SINCE JAN 1      1.70                      2.35  -0.65     4.20

SNOWFALL (IN)
  TODAY            0.0          10.1  1964   0.1   -0.1      0.0
  MONTH TO DATE    0.0                       0.2   -0.2      0.0
  SINCE MAR 1      T                        10.1  -10.1      3.8
  SINCE JUL 1     24.3                      37.4  -13.1     41.8
  SNOW DEPTH       0

DEGREE DAYS
 HEATING
  TODAY           12                        15     -3       18
  MONTH TO DATE   27                        46    -19       30
  SINCE MAR 1   1214                      1539   -325     1525
  SINCE JUL 1   6222                      7100   -878     7041

 COOLING
  TODAY            0                         0      0        0
  MONTH TO DATE    0                         0      0        0
  SINCE MAR 1      0                         0      0        0
  SINCE JAN 1      0                         0      0        0
..................................................................


WIND (MPH)
  HIGHEST WIND SPEED    12   HIGHEST WIND DIRECTION     E (90)
  HIGHEST GUST SPEED    16   HIGHEST GUST DIRECTION     E (100)
  AVERAGE WIND SPEED     6.0


SKY COVER
  AVERAGE SKY COVER 0.0


WEATHER CONDITIONS
 THE FOLLOWING WEATHER WAS RECORDED TODAY.
  NO SIGNIFICANT WEATHER WAS OBSERVED.


RELATIVE HUMIDITY (PERCENT)
 HIGHEST    64           500 AM
 LOWEST     17           300 PM
 AVERAGE    41

..........................................................


THE HELENA MT CLIMATE NORMALS FOR TOMORROW
                         NORMAL    RECORD    YEAR
 MAXIMUM TEMPERATURE (F)   64        87      1966
 MINIMUM TEMPERATURE (F)   37        22      1996


SUNRISE AND SUNSET
MAY  3 2015...........SUNRISE   611 AM MDT   SUNSET   840 PM MDT
MAY  4 2015...........SUNRISE   609 AM MDT   SUNSET   841 PM MDT


-  INDICATES NEGATIVE NUMBERS.
R  INDICATES RECORD WAS SET OR TIED.
MM INDICATES DATA IS MISSING.
T  INDICATES TRACE AMOUNT.




$$
