000
CDHW40 PHFO 251245
CLIHNL


CLIMATE REPORT
NATIONAL WEATHER SERVICE HONOLULU HI
245 AM HST SAT APR 25 2015


...................................

...THE HONOLULU HI CLIMATE SUMMARY FOR APRIL 24 2015...

CLIMATE NORMAL PERIOD 1981 TO 2010
CLIMATE RECORD PERIOD 1946 TO 2015


WEATHER ITEM   OBSERVED TIME   RECORD YEAR NORMAL DEPARTURE LAST
                VALUE   (LST)  VALUE       VALUE  FROM      YEAR
                                                  NORMAL
..................................................................
TEMPERATURE (F)
 YESTERDAY
  MAXIMUM         80    334 PM  89    1996  83     -3       85
  MINIMUM         68    636 AM  60    1979  70     -2       72
  AVERAGE         74                        76     -2       79

PRECIPITATION (IN)
  YESTERDAY        0.00          0.60 1971   0.01  -0.01      T
  MONTH TO DATE    0.33                      0.54  -0.21     0.17
  SINCE MAR 1      0.95                      2.56  -1.61     2.78
  SINCE JAN 1      2.75                      6.86  -4.11     6.46

SNOWFALL (IN)
  YESTERDAY        0.0
  MONTH TO DATE    0.0
  SINCE MAR 1      0.0
  SINCE JUL 1      0.0
  SNOW DEPTH       0

DEGREE DAYS
 HEATING
  YESTERDAY        0                         0      0        0
  MONTH TO DATE    0                         0      0        0
  SINCE MAR 1      0                         0      0        0
  SINCE JUL 1      0                         0      0        0

 COOLING
  YESTERDAY        9                        11     -2       14
  MONTH TO DATE  284                       264     20      295
  SINCE MAR 1    560                       557      3      604
  SINCE JAN 1   1070                      1039     31     1123
..................................................................


WIND (MPH)
  HIGHEST WIND SPEED    15   HIGHEST WIND DIRECTION     S (170)
  HIGHEST GUST SPEED    20   HIGHEST GUST DIRECTION     S (160)
  AVERAGE WIND SPEED     6.8


SKY COVER
  POSSIBLE SUNSHINE  MM
  AVERAGE SKY COVER 0.6


WEATHER CONDITIONS
 THE FOLLOWING WEATHER WAS RECORDED YESTERDAY.
  NO SIGNIFICANT WEATHER WAS OBSERVED.


RELATIVE HUMIDITY (PERCENT)
 HIGHEST    97           400 AM
 LOWEST     62          1000 AM
 AVERAGE    80

..........................................................


THE HONOLULU HI CLIMATE NORMALS FOR TODAY
                         NORMAL    RECORD    YEAR
 MAXIMUM TEMPERATURE (F)   83        90      1996
 MINIMUM TEMPERATURE (F)   70        64      1979
                                             1976
                                             1974


SUNRISE AND SUNSET
APRIL 25 2015.........SUNRISE   605 AM HST   SUNSET   655 PM HST
APRIL 26 2015.........SUNRISE   604 AM HST   SUNSET   655 PM HST


-  INDICATES NEGATIVE NUMBERS.
R  INDICATES RECORD WAS SET OR TIED.
MM INDICATES DATA IS MISSING.
T  INDICATES TRACE AMOUNT.




$$
