000
CDUS43 KGID 180625
CLIHSI


CLIMATE REPORT
NATIONAL WEATHER SERVICE HASTINGS NE
125 AM CDT SAT APR 18 2015


...................................

...THE HASTINGS NE CLIMATE SUMMARY FOR APRIL 17 2015...

CLIMATE NORMAL PERIOD 1981 TO 2010
CLIMATE RECORD PERIOD 1894 TO 2015


WEATHER ITEM   OBSERVED TIME   RECORD YEAR NORMAL DEPARTURE LAST
                VALUE   (LST)  VALUE       VALUE  FROM      YEAR
                                                  NORMAL
..................................................................
TEMPERATURE (F)
 YESTERDAY
  MAXIMUM         68    539 PM  89    1985  64      4       55
  MINIMUM         54   1126 PM  23    1921  39     15       31
  AVERAGE         61                        51     10       43

PRECIPITATION (IN)
  YESTERDAY        0.20          1.55 1978   0.09   0.11     0.00
  MONTH TO DATE    1.16                      1.19  -0.03     1.36
  SINCE MAR 1      1.36                      2.98  -1.62     1.51
  SINCE JAN 1      2.47                      3.88  -1.41     2.22

SNOWFALL (IN)
  YESTERDAY        0.0           2.0  1945   0.1   -0.1      0.0
                                      1939
  MONTH TO DATE    T                         1.0   -1.0      2.2
  SINCE MAR 1      0.8                       6.2   -5.4      3.4
  SINCE JUL 1     17.0                      28.6  -11.6     21.7
  SNOW DEPTH       0

DEGREE DAYS
 HEATING
  YESTERDAY        4                        14    -10       22
  MONTH TO DATE  198                       281    -83      297
  SINCE MAR 1    832                      1058   -226     1156
  SINCE JUL 1   5455                      5688   -233     6036

 COOLING
  YESTERDAY        0                         0      0        0
  MONTH TO DATE    4                         0      4        3
  SINCE MAR 1      4                         0      4        3
  SINCE JAN 1      4                         0      4        3
..................................................................


WIND (MPH)
  HIGHEST WIND SPEED    18   HIGHEST WIND DIRECTION     E (100)
  HIGHEST GUST SPEED    25   HIGHEST GUST DIRECTION     E (110)
  AVERAGE WIND SPEED     9.6


SKY COVER
  AVERAGE SKY COVER 0.6


WEATHER CONDITIONS
 THE FOLLOWING WEATHER WAS RECORDED YESTERDAY.
  THUNDERSTORM
  RAIN
  LIGHT RAIN
  FOG
  HAZE


RELATIVE HUMIDITY (PERCENT)
 HIGHEST    93           100 AM
 LOWEST     63           500 PM
 AVERAGE    78

..........................................................


THE HASTINGS NE CLIMATE NORMALS FOR TODAY
                         NORMAL    RECORD    YEAR
 MAXIMUM TEMPERATURE (F)   64        92      1994
                                             1985
 MINIMUM TEMPERATURE (F)   39        19      1953


SUNRISE AND SUNSET
APRIL 18 2015.........SUNRISE   651 AM CDT   SUNSET   816 PM CDT
APRIL 19 2015.........SUNRISE   649 AM CDT   SUNSET   817 PM CDT


-  INDICATES NEGATIVE NUMBERS.
R  INDICATES RECORD WAS SET OR TIED.
MM INDICATES DATA IS MISSING.
T  INDICATES TRACE AMOUNT.




$$
