000
CDUS44 KHUN 040704
CLIHSV


CLIMATE REPORT
NATIONAL WEATHER SERVICE HUNTSVILLE AL
203 AM CDT MON MAY 4 2015


...................................

...THE HUNTSVILLE CLIMATE SUMMARY FOR MAY 3 2015...

CLIMATE NORMAL PERIOD 1981 TO 2010
CLIMATE RECORD PERIOD 1894 TO 2015


WEATHER ITEM   OBSERVED TIME   RECORD YEAR NORMAL DEPARTURE LAST
                VALUE   (LST)  VALUE       VALUE  FROM      YEAR
                                                  NORMAL
..................................................................
TEMPERATURE (F)
 YESTERDAY
  MAXIMUM         82    313 PM  91    1952  78      4       79
                                      1930
  MINIMUM         52    452 AM  36    1971  56     -4       47
  AVERAGE         67                        67      0       63

PRECIPITATION (IN)
  YESTERDAY        0.00          3.84 1993   0.18  -0.18     0.00
  MONTH TO DATE    0.00                      0.53  -0.53     0.00
  SINCE MAR 1     12.56                     10.06   2.50    10.80
  SINCE JAN 1     20.30                     19.79   0.51    20.67

SNOWFALL (IN)
  YESTERDAY        0.0
  MONTH TO DATE    0.0
  SINCE MAR 1      1.0
  SINCE JUL 1      9.8
  SNOW DEPTH       0

DEGREE DAYS
 HEATING
  YESTERDAY        0                         2     -2        2
  MONTH TO DATE    8                         6      2       14
  SINCE MAR 1    383                       528   -145      604
  SINCE JUL 1   3024                      2980     44     3439

 COOLING
  YESTERDAY        2                         4     -2        0
  MONTH TO DATE    2                        10     -8        0
  SINCE MAR 1     65                        81    -16       42
  SINCE JAN 1     65                        82    -17       43
..................................................................


WIND (MPH)
  HIGHEST WIND SPEED    14   HIGHEST WIND DIRECTION    SW (230)
  HIGHEST GUST SPEED    17   HIGHEST GUST DIRECTION     S (200)
  AVERAGE WIND SPEED     4.7


SKY COVER
  POSSIBLE SUNSHINE  MM
  AVERAGE SKY COVER 0.2


WEATHER CONDITIONS
 THE FOLLOWING WEATHER WAS RECORDED YESTERDAY.
  NO SIGNIFICANT WEATHER WAS OBSERVED.


RELATIVE HUMIDITY (PERCENT)
 HIGHEST    89           300 AM
 LOWEST     30          1200 PM
 AVERAGE    60

..........................................................


THE HUNTSVILLE CLIMATE NORMALS FOR TODAY
                         NORMAL    RECORD    YEAR
 MAXIMUM TEMPERATURE (F)   78        90      1930
                                             1913
 MINIMUM TEMPERATURE (F)   56        36      1971


SUNRISE AND SUNSET
MAY  4 2015...........SUNRISE   554 AM CDT   SUNSET   734 PM CDT
MAY  5 2015...........SUNRISE   553 AM CDT   SUNSET   735 PM CDT


-  INDICATES NEGATIVE NUMBERS.
R  INDICATES RECORD WAS SET OR TIED.
MM INDICATES DATA IS MISSING.
T  INDICATES TRACE AMOUNT.




$$
