000
CDUS43 KAPX 010537
CLIHTL


CLIMATE REPORT
NATIONAL WEATHER SERVICE GAYLORD MI
137 AM EDT WED APR 1 2015


...................................

...THE HOUGHTON LAKE MI CLIMATE SUMMARY FOR MARCH 31 2015...

CLIMATE NORMAL PERIOD 1981 TO 2010
CLIMATE RECORD PERIOD 1913 TO 2015


WEATHER ITEM   OBSERVED TIME   RECORD YEAR NORMAL DEPARTURE LAST
                VALUE   (LST)  VALUE       VALUE  FROM      YEAR
                                                  NORMAL
..................................................................
TEMPERATURE (F)
 YESTERDAY
  MAXIMUM         50    243 PM  74    2010  46      4       55
  MINIMUM         27    654 AM -10    1923  25      2       26
  AVERAGE         39                        36      3       41

PRECIPITATION (IN)
  YESTERDAY        0.01          1.55 1998   0.07  -0.06      T
  MONTH TO DATE    0.47                      1.84  -1.37     1.15
  SINCE MAR 1      0.47                      1.84  -1.37     1.15
  SINCE JAN 1      2.28                      4.56  -2.28     3.95

SNOWFALL (IN)
  YESTERDAY        T            12.0  1926   0.2   -0.2      0.0
  MONTH TO DATE    1.6                       8.3   -6.7      6.1
  SINCE OCT 1     43.2                      62.8  -19.6     58.4
  SINCE JUL 1     43.2                      62.8  -19.6     58.4
  SNOW DEPTH       T

DEGREE DAYS
 HEATING
  YESTERDAY       26                        30     -4       24
  MONTH TO DATE 1167                      1114     53     1406
  SINCE MAR 1   1167                      1113     54     1406
  SINCE JUL 1   7534                      6985    549     7854

 COOLING
  YESTERDAY        0                         0      0        0
  MONTH TO DATE    0                         0      0        0
  SINCE MAR 1      0                         0      0        0
  SINCE JAN 1      0                         0      0        0
..................................................................


WIND (MPH)
  HIGHEST WIND SPEED    15   HIGHEST WIND DIRECTION     N (360)
  HIGHEST GUST SPEED    20   HIGHEST GUST DIRECTION     N (340)
  AVERAGE WIND SPEED     5.3




RELATIVE HUMIDITY (PERCENT)
 HIGHEST    85
 LOWEST     24
 AVERAGE    55

..........................................................


THE HOUGHTON LAKE MI CLIMATE NORMALS FOR TODAY
                         NORMAL    RECORD    YEAR
 MAXIMUM TEMPERATURE (F)   47        79      2010
 MINIMUM TEMPERATURE (F)   25       -15      1923


SUNRISE AND SUNSET
APRIL  1 2015.........SUNRISE   720 AM EDT   SUNSET   806 PM EDT
APRIL  2 2015.........SUNRISE   719 AM EDT   SUNSET   807 PM EDT


-  INDICATES NEGATIVE NUMBERS.
R  INDICATES RECORD WAS SET OR TIED.
MM INDICATES DATA IS MISSING.
T  INDICATES TRACE AMOUNT.




$$
