000
CDUS41 KRLX 210727
CLIHTS


CLIMATE REPORT
NATIONAL WEATHER SERVICE CHARLESTON WV
319 AM EDT TUE APR 21 2015


...................................

...THE HUNTINGTON WV CLIMATE SUMMARY FOR APRIL 20 2015...

CLIMATE NORMAL PERIOD 1981 TO 2010
CLIMATE RECORD PERIOD 1897 TO 2015


WEATHER ITEM   OBSERVED TIME   RECORD YEAR NORMAL DEPARTURE LAST
                VALUE   (LST)  VALUE       VALUE  FROM      YEAR
                                                  NORMAL
..................................................................
TEMPERATURE (F)
 YESTERDAY
  MAXIMUM         71    137 PM  89    1976  70      1       78
                                      1954
                                      1917
  MINIMUM         52   1159 PM  25    1926  46      6       44
  AVERAGE         62                        58      4       61

PRECIPITATION (IN)
  YESTERDAY        0.07          3.54 1901   0.12  -0.05     0.00
  MONTH TO DATE    6.67                      2.23   4.44     1.27
  SINCE JAN 1     18.44                     12.17   6.27    11.74

SNOWFALL (IN)
  YESTERDAY        0.0
  MONTH TO DATE    0.0
  SINCE SEP 1     36.6
  SNOW DEPTH       0

DEGREE DAYS
 HEATING
  YESTERDAY        3                         8     -5        4
  MONTH TO DATE  126                       221    -95      157
  SINCE MAR 1    755                       817    -62      897
  SINCE JUL 1   4771                      4318    453     4658

 COOLING
  YESTERDAY        0                         1     -1        0
  MONTH TO DATE    9                        19    -10       14
  SINCE MAR 1      9                        24    -15       14
  SINCE JAN 1      9                        24    -15       14
..................................................................


WIND (MPH)
  HIGHEST WIND SPEED    23   HIGHEST WIND DIRECTION    SW (220)
  HIGHEST GUST SPEED    35   HIGHEST GUST DIRECTION    SW (220)
  AVERAGE WIND SPEED    11.4


SKY COVER
  POSSIBLE SUNSHINE  MM


WEATHER CONDITIONS
 THE FOLLOWING WEATHER WAS RECORDED YESTERDAY.
  RAIN
  LIGHT RAIN
  FOG


RELATIVE HUMIDITY (PERCENT)
 HIGHEST    97          1200 AM
 LOWEST     53          1200 PM
 AVERAGE    75

..........................................................


THE HUNTINGTON WV CLIMATE NORMALS FOR TODAY
                         NORMAL    RECORD    YEAR
 MAXIMUM TEMPERATURE (F)   70        92      1985
 MINIMUM TEMPERATURE (F)   46        26      1956


SUNRISE AND SUNSET
APRIL 21 2015.........SUNRISE   646 AM EDT   SUNSET   812 PM EDT
APRIL 22 2015.........SUNRISE   645 AM EDT   SUNSET   813 PM EDT


-  INDICATES NEGATIVE NUMBERS.
R  INDICATES RECORD WAS SET OR TIED.
MM INDICATES DATA IS MISSING.
T  INDICATES TRACE AMOUNT.




$$
