000
CDUS41 KCAR 190527
CLIHUL


CLIMATE REPORT
NATIONAL WEATHER SERVICE CARIBOU, ME
127 AM EDT SUN APR 19 2015


...................................

...THE HOULTON ME CLIMATE SUMMARY FOR APRIL 18 2015...

CLIMATE NORMAL PERIOD 1981 TO 2010
CLIMATE RECORD PERIOD 1948 TO 2015


WEATHER ITEM   OBSERVED TIME   RECORD YEAR NORMAL DEPARTURE LAST
                VALUE   (LST)  VALUE       VALUE  FROM      YEAR
                                                  NORMAL
..................................................................
TEMPERATURE (F)
 YESTERDAY
  MAXIMUM         51    255 PM  68    1973  51      0       49
  MINIMUM         27    512 AM   6    2003  30     -3       19
  AVERAGE         39                        40     -1       34

PRECIPITATION (IN)
  YESTERDAY        0.00          0.67 1954   0.13  -0.13     0.00
  MONTH TO DATE    1.02                      2.30  -1.28     2.29
  SINCE MAR 1      1.73                      4.89  -3.16     4.77
  SINCE JAN 1      3.83                      9.75  -5.92    10.35

SNOWFALL (IN)
  YESTERDAY        0.0           0.5  1953   0.1   -0.1     MM
  MONTH TO DATE    0.0                       4.7   -4.7     MM
  SINCE MAR 1      0.0                      22.5  -22.5     MM
  SINCE JUL 1      0.0                      88.1  -88.1     MM
  SNOW DEPTH      MM

DEGREE DAYS
 HEATING
  YESTERDAY       26                        25      1       31
  MONTH TO DATE  558                       517     41      507
  SINCE MAR 1   1954                      1740    214     2008
  SINCE JUL 1   8522                      8313    209     8598

 COOLING
  YESTERDAY        0                         0      0        0
  MONTH TO DATE    0                         0      0        0
  SINCE MAR 1      0                         0      0        0
  SINCE JAN 1      0                         0      0        0
..................................................................


WIND (MPH)
  HIGHEST WIND SPEED    14   HIGHEST WIND DIRECTION    NE (40)
  HIGHEST GUST SPEED    18   HIGHEST GUST DIRECTION     N (340)
  AVERAGE WIND SPEED     4.6


SKY COVER
  POSSIBLE SUNSHINE  MM
  AVERAGE SKY COVER 0.2


WEATHER CONDITIONS
 THE FOLLOWING WEATHER WAS RECORDED YESTERDAY.
  NO SIGNIFICANT WEATHER WAS OBSERVED.


RELATIVE HUMIDITY (PERCENT)
 HIGHEST    85           500 AM
 LOWEST     35           300 PM
 AVERAGE    60

..........................................................


THE HOULTON ME CLIMATE NORMALS FOR TODAY
                         NORMAL    RECORD    YEAR
 MAXIMUM TEMPERATURE (F)   52        76      1976
 MINIMUM TEMPERATURE (F)   30        18      1990


SUNRISE AND SUNSET
APRIL 19 2015.........SUNRISE   538 AM EDT   SUNSET   723 PM EDT
APRIL 20 2015.........SUNRISE   536 AM EDT   SUNSET   725 PM EDT


-  INDICATES NEGATIVE NUMBERS.
R  INDICATES RECORD WAS SET OR TIED.
MM INDICATES DATA IS MISSING.
T  INDICATES TRACE AMOUNT.




$$
