000
CDUS43 KUNR 060847
CLIICR


CLIMATE REPORT
NATIONAL WEATHER SERVICE RAPID CITY SD
247 AM MDT WED MAY 6 2015


...................................

...THE WINNER REGIONAL AIRPORT SD CLIMATE SUMMARY FOR MAY 5 2015...

CLIMATE NORMAL PERIOD 1981 TO 2010
CLIMATE RECORD PERIOD 9999 TO 9999


WEATHER ITEM   OBSERVED TIME   NORMAL DEPARTURE LAST
                VALUE   (LST)  VALUE  FROM      YEAR
                                      NORMAL
......................................................
TEMPERATURE (F)
 YESTERDAY
  MAXIMUM         64   1128 AM  66     -2       70
  MINIMUM         46    253 AM  43      3       37
  AVERAGE         55            55      0       54

PRECIPITATION (IN)
  YESTERDAY        0.17          0.12   0.05     0.00
  MONTH TO DATE    0.18          0.61  -0.43      T
  SINCE MAR 1      1.03          4.48  -3.45     2.35
  SINCE JAN 1      1.12          5.24  -4.12     2.43

DEGREE DAYS
 HEATING
  YESTERDAY       10            11     -1       11
  MONTH TO DATE   25            57    -32       67
  SINCE MAR 1   1038          1452   -414     1496
  SINCE JUL 1   5798          6461   -663     6829

 COOLING
  YESTERDAY        0             0      0        0
  MONTH TO DATE    6             0      6        0
  SINCE MAR 1     18             2     16        3
  SINCE JAN 1     18             2     16        3
......................................................


WIND (MPH)
  HIGHEST WIND SPEED    22   HIGHEST WIND DIRECTION    SE (130)
  HIGHEST GUST SPEED    26   HIGHEST GUST DIRECTION    SE (130)
  AVERAGE WIND SPEED    10.7


SKY COVER
  AVERAGE SKY COVER 0.7


WEATHER CONDITIONS
 THE FOLLOWING WEATHER WAS RECORDED YESTERDAY.
  HEAVY RAIN
  LIGHT RAIN
  FOG
  HAZE


RELATIVE HUMIDITY (PERCENT)
 HIGHEST    87          1000 PM
 LOWEST     46          1200 AM
 AVERAGE    67

..........................................................




SUNRISE AND SUNSET
MAY  6 2015...........SUNRISE   626 AM CDT   SUNSET   847 PM CDT
MAY  7 2015...........SUNRISE   625 AM CDT   SUNSET   848 PM CDT


-  INDICATES NEGATIVE NUMBERS.
R  INDICATES RECORD WAS SET OR TIED.
MM INDICATES DATA IS MISSING.
T  INDICATES TRACE AMOUNT.




$$
