000
CDUS45 KPIH 062328
CLIIDA


CLIMATE REPORT
NATIONAL WEATHER SERVICE POCATELLO ID
523 PM MDT WED MAY 6 2015


...................................

...THE IDAHO FALLS ID CLIMATE SUMMARY FOR MAY 6 2015...
VALID TODAY AS OF 0500 PM LOCAL TIME.

CLIMATE NORMAL PERIOD 1981 TO 2010
CLIMATE RECORD PERIOD 1948 TO 2015


WEATHER ITEM   OBSERVED TIME   RECORD YEAR NORMAL DEPARTURE LAST
                VALUE   (LST)  VALUE       VALUE  FROM      YEAR
                                                  NORMAL
..................................................................
TEMPERATURE (F)
 TODAY
  MAXIMUM         65    340 PM  86    1992  64      1       59
  MINIMUM         42    346 AM  25    2001  36      6       44
  AVERAGE         54                        50      4       52

PRECIPITATION (IN)
  TODAY            0.00          1.73 1993   0.05  -0.05     0.04
  MONTH TO DATE    0.12                      0.28  -0.16     0.04
  SINCE OCT 1      2.51                      6.20  -3.69     4.60
  SINCE JAN 1      1.05                      3.63  -2.58     3.30

SNOWFALL (IN)
  TODAY           MM
  MONTH TO DATE   MM
  SINCE MAR 1     MM
  SINCE JUL 1     MM
  SNOW DEPTH      MM

DEGREE DAYS
 HEATING
  TODAY           11                        15     -4       13
  MONTH TO DATE   46                        93    -47       61
  SINCE MAR 1   1313                      1604   -291     1453
  SINCE JUL 1   6131                      7406  -1275     6970

 COOLING
  TODAY            0                         0      0        0
  MONTH TO DATE    0                         0      0        0
  SINCE MAR 1      0                         0      0        0
  SINCE JAN 1      0                         0      0        0
..................................................................


WIND (MPH)
  HIGHEST WIND SPEED    17   HIGHEST WIND DIRECTION    SW (210)
  HIGHEST GUST SPEED    22   HIGHEST GUST DIRECTION    SW (210)
  AVERAGE WIND SPEED     8.6


SKY COVER
  POSSIBLE SUNSHINE  MM
  AVERAGE SKY COVER 0.4


WEATHER CONDITIONS
 THE FOLLOWING WEATHER WAS RECORDED TODAY.
  FOG


RELATIVE HUMIDITY (PERCENT)
 HIGHEST    89           100 AM
 LOWEST     36           400 PM
 AVERAGE    63

..........................................................


THE IDAHO FALLS ID CLIMATE NORMALS FOR TOMORROW
                         NORMAL    RECORD    YEAR
 MAXIMUM TEMPERATURE (F)   65        86      1992
 MINIMUM TEMPERATURE (F)   37        22      2010


SUNRISE AND SUNSET
MAY  6 2015...........SUNRISE   614 AM MDT   SUNSET   836 PM MDT
MAY  7 2015...........SUNRISE   613 AM MDT   SUNSET   837 PM MDT


-  INDICATES NEGATIVE NUMBERS.
R  INDICATES RECORD WAS SET OR TIED.
MM INDICATES DATA IS MISSING.
T  INDICATES TRACE AMOUNT.




$$
