000
CDUS43 KUNR 240832
CLIIEN


CLIMATE REPORT
NATIONAL WEATHER SERVICE RAPID CITY SD
231 AM MDT FRI APR 24 2015


...................................

...THE PINE RIDGE SD CLIMATE SUMMARY FOR APRIL 23 2015...

CLIMATE NORMAL PERIOD 1981 TO 2010
CLIMATE RECORD PERIOD 9999 TO 9999


WEATHER ITEM   OBSERVED TIME   NORMAL DEPARTURE LAST
                VALUE   (LST)  VALUE  FROM      YEAR
                                      NORMAL
......................................................
TEMPERATURE (F)
 YESTERDAY
  MAXIMUM         75    306 PM  62     13       69
  MINIMUM         29    409 AM  33     -4       43
  AVERAGE         52            48      4       56

PRECIPITATION (IN)
  YESTERDAY        T             0.06  -0.06      T
  MONTH TO DATE    1.66          1.39   0.27     0.96
  SINCE MAR 1      1.84          2.26  -0.42     1.30
  SINCE JAN 1      2.30          3.05  -0.75     1.57

DEGREE DAYS
 HEATING
  YESTERDAY       13            17     -4        9
  MONTH TO DATE  474           471      3      484
  SINCE MAR 1   1181          1359   -178     1417
  SINCE JUL 1   6391          6709   -318     6899

 COOLING
  YESTERDAY        0             0      0        0
  MONTH TO DATE    0             0      0        1
  SINCE MAR 1      0             0      0        1
  SINCE JAN 1      0             0      0        1
......................................................


WIND (MPH)
  HIGHEST WIND SPEED    33   HIGHEST WIND DIRECTION     W (250)
  HIGHEST GUST SPEED    45   HIGHEST GUST DIRECTION     W (250)
  AVERAGE WIND SPEED     8.1


SKY COVER
  AVERAGE SKY COVER 0.2


WEATHER CONDITIONS
 THE FOLLOWING WEATHER WAS RECORDED YESTERDAY.
  THUNDERSTORM
  LIGHT RAIN


RELATIVE HUMIDITY (PERCENT)
 HIGHEST    89           200 AM
 LOWEST     29           300 PM
 AVERAGE    59

..........................................................




SUNRISE AND SUNSET
APRIL 24 2015.........SUNRISE   554 AM MDT   SUNSET   743 PM MDT
APRIL 25 2015.........SUNRISE   553 AM MDT   SUNSET   744 PM MDT


-  INDICATES NEGATIVE NUMBERS.
R  INDICATES RECORD WAS SET OR TIED.
MM INDICATES DATA IS MISSING.
T  INDICATES TRACE AMOUNT.




$$
