000
CDUS43 KIND 270531
CLIIND


CLIMATE REPORT
NATIONAL WEATHER SERVICE INDIANAPOLIS IN
131 AM EDT MON APR 27 2015


...................................

...THE INDIANAPOLIS IN CLIMATE SUMMARY FOR APRIL 26 2015...

CLIMATE NORMAL PERIOD 1981 TO 2010
CLIMATE RECORD PERIOD 1871 TO 2015


WEATHER ITEM   OBSERVED TIME   RECORD YEAR NORMAL DEPARTURE LAST
                VALUE   (LST)  VALUE       VALUE  FROM      YEAR
                                                  NORMAL
..................................................................
TEMPERATURE (F)
 YESTERDAY
  MAXIMUM         58    413 PM  87    1915  67     -9       78
  MINIMUM         39    550 AM  31    1976  46     -7       50
  AVERAGE         49                        56     -7       64

PRECIPITATION (IN)
  YESTERDAY        0.00          1.48 1890   0.13  -0.13     0.00
  MONTH TO DATE    4.00                      3.26   0.74     4.63
  SINCE MAR 1      7.53                      6.82   0.71     7.01
  SINCE JAN 1     10.68                     11.80  -1.12    11.80

SNOWFALL (IN)
  YESTERDAY        0.0           0.2  1926   0.0    0.0      0.0
  MONTH TO DATE    T                         0.2   -0.2      0.3
  SINCE MAR 1      5.9                       2.8    3.1      3.4
  SINCE JUL 1     25.6                      25.9   -0.3     55.7
  SNOW DEPTH       0

DEGREE DAYS
 HEATING
  YESTERDAY       16                         9      7        1
  MONTH TO DATE  258                       337    -79      329
  SINCE MAR 1   1048                      1044      4     1228
  SINCE JUL 1   5774                      5187    587     6025

 COOLING
  YESTERDAY        0                         1     -1        0
  MONTH TO DATE    6                         9     -3        4
  SINCE MAR 1      6                        11     -5        4
  SINCE JAN 1      6                        11     -5        4
..................................................................


WIND (MPH)
  HIGHEST WIND SPEED    18   HIGHEST WIND DIRECTION     N (10)
  HIGHEST GUST SPEED    23   HIGHEST GUST DIRECTION     N (20)
  AVERAGE WIND SPEED    12.3


SKY COVER
  AVERAGE SKY COVER 0.5


WEATHER CONDITIONS
 THE FOLLOWING WEATHER WAS RECORDED YESTERDAY.
  NO SIGNIFICANT WEATHER WAS OBSERVED.


RELATIVE HUMIDITY (PERCENT)
 HIGHEST    76          1200 AM
 LOWEST     40           500 PM
 AVERAGE    58

..........................................................


THE INDIANAPOLIS IN CLIMATE NORMALS FOR TODAY
                         NORMAL    RECORD    YEAR
 MAXIMUM TEMPERATURE (F)   67        84      1990
                                             1986
                                             1962
 MINIMUM TEMPERATURE (F)   47        30      1976
                                             1946


SUNRISE AND SUNSET
APRIL 27 2015.........SUNRISE   651 AM EDT   SUNSET   835 PM EDT
APRIL 28 2015.........SUNRISE   650 AM EDT   SUNSET   836 PM EDT


-  INDICATES NEGATIVE NUMBERS.
R  INDICATES RECORD WAS SET OR TIED.
MM INDICATES DATA IS MISSING.
T  INDICATES TRACE AMOUNT.




$$
