000
CDUS43 KDVN 032131
CLIIOW


CLIMATE REPORT
NATIONAL WEATHER SERVICE QUAD CITIES IA IL
426 PM CDT SUN MAY 3 2015


...................................

...THE IOWA CITY IA CLIMATE SUMMARY FOR MAY 3 2015...
VALID TODAY AS OF 0400 PM LOCAL TIME.

CLIMATE NORMAL PERIOD 1981 TO 2010
CLIMATE RECORD PERIOD 9999 TO 9999


WEATHER ITEM   OBSERVED TIME   RECORD YEAR NORMAL DEPARTURE LAST
                VALUE   (LST)  VALUE       VALUE  FROM      YEAR
                                                  NORMAL
..................................................................
TEMPERATURE (F)
 TODAY
  MAXIMUM         82    259 PM  MM      MM  67     15       71
  MINIMUM         55    122 AM  MM      MM  46      9       42
  AVERAGE         69                        57     12       57

PRECIPITATION (IN)
  TODAY            0.10         MM      MM   0.15  -0.05     0.00
  MONTH TO DATE    0.10                      0.45  -0.35     0.02
  SINCE MAR 1      3.73                      6.17  -2.44     6.47
  SINCE JAN 1      5.31                      8.33  -3.02     8.30

DEGREE DAYS
 HEATING
  TODAY            0                         9     -9        8
  MONTH TO DATE   16                        27    -11       37
  SINCE MAR 1   1244                      1270    -26     1556
  SINCE JUL 1   6609                      6220    389     7349

 COOLING
  TODAY            4                         0      4        0
  MONTH TO DATE    4                         0      4        0
  SINCE MAR 1      4                         4      0        3
  SINCE JAN 1      4                         4      0        3
..................................................................


WIND (MPH)
  HIGHEST WIND SPEED    21   HIGHEST WIND DIRECTION    SE (120)
  HIGHEST GUST SPEED    26   HIGHEST GUST DIRECTION    SE (120)
  AVERAGE WIND SPEED     7.8


SKY COVER
  POSSIBLE SUNSHINE  MM
  AVERAGE SKY COVER 0.5


WEATHER CONDITIONS
 THE FOLLOWING WEATHER WAS RECORDED TODAY.
  THUNDERSTORM
  HEAVY RAIN
  LIGHT RAIN


RELATIVE HUMIDITY (PERCENT)
 HIGHEST    86           100 AM
 LOWEST     43           300 PM
 AVERAGE    65

..........................................................


THE IOWA CITY IA CLIMATE NORMALS FOR TOMORROW
                         NORMAL    RECORD    YEAR
 MAXIMUM TEMPERATURE (F)   68        MM        MM
 MINIMUM TEMPERATURE (F)   46        MM        MM


SUNRISE AND SUNSET
MAY  3 2015...........SUNRISE   601 AM CDT   SUNSET   806 PM CDT
MAY  4 2015...........SUNRISE   559 AM CDT   SUNSET   807 PM CDT


-  INDICATES NEGATIVE NUMBERS.
R  INDICATES RECORD WAS SET OR TIED.
MM INDICATES DATA IS MISSING.
T  INDICATES TRACE AMOUNT.




$$
